{"id":6596,"date":"2025-09-04T20:16:59","date_gmt":"2025-09-04T20:16:59","guid":{"rendered":"https:\/\/birokhalasztelek.hu\/kozepiskola\/?post_type=tribe_events&#038;p=6596"},"modified":"2025-09-04T20:16:59","modified_gmt":"2025-09-04T20:16:59","slug":"becsi-adventi-kirandulas-i-2","status":"publish","type":"tribe_events","link":"https:\/\/birokhalasztelek.hu\/kozepiskola\/event\/becsi-adventi-kirandulas-i-2\/","title":{"rendered":"B\u00e9csi adventi kir\u00e1ndul\u00e1s I."},"content":{"rendered":"","protected":false},"excerpt":{"rendered":"","protected":false},"author":1,"featured_media":0,"comment_status":"closed","ping_status":"closed","template":"","meta":{"_mi_skip_tracking":false},"tags":[],"tribe_events_cat":[],"_links":{"self":[{"href":"https:\/\/birokhalasztelek.hu\/kozepiskola\/wp-json\/wp\/v2\/tribe_events\/6596"}],"collection":[{"href":"https:\/\/birokhalasztelek.hu\/kozepiskola\/wp-json\/wp\/v2\/tribe_events"}],"about":[{"href":"https:\/\/birokhalasztelek.hu\/kozepiskola\/wp-json\/wp\/v2\/types\/tribe_events"}],"author":[{"embeddable":true,"href":"https:\/\/birokhalasztelek.hu\/kozepiskola\/wp-json\/wp\/v2\/users\/1"}],"replies":[{"embeddable":true,"href":"https:\/\/birokhalasztelek.hu\/kozepiskola\/wp-json\/wp\/v2\/comments?post=6596"}],"version-history":[{"count":1,"href":"https:\/\/birokhalasztelek.hu\/kozepiskola\/wp-json\/wp\/v2\/tribe_events\/6596\/revisions"}],"predecessor-version":[{"id":6597,"href":"https:\/\/birokhalasztelek.hu\/kozepiskola\/wp-json\/wp\/v2\/tribe_events\/6596\/revisions\/6597"}],"wp:attachment":[{"href":"https:\/\/birokhalasztelek.hu\/kozepiskola\/wp-json\/wp\/v2\/media?parent=6596"}],"wp:term":[{"taxonomy":"post_tag","embeddable":true,"href":"https:\/\/birokhalasztelek.hu\/kozepiskola\/wp-json\/wp\/v2\/tags?post=6596"},{"taxonomy":"tribe_events_cat","embeddable":true,"href":"https:\/\/birokhalasztelek.hu\/kozepiskola\/wp-json\/wp\/v2\/tribe_events_cat?post=6596"}],"curies":[{"name":"wp","href":"https:\/\/api.w.org\/{rel}","templated":true}]}}

Bécsi adventi kirándulás I.
