{"id":5624,"date":"2024-02-20T19:09:43","date_gmt":"2024-02-20T19:09:43","guid":{"rendered":"https:\/\/birokhalasztelek.hu\/kozepiskola\/?post_type=tribe_events&#038;p=5624"},"modified":"2024-02-20T19:09:43","modified_gmt":"2024-02-20T19:09:43","slug":"megemlekezes-a-holokauszt-aldozatairol-iv-16-7","status":"publish","type":"tribe_events","link":"https:\/\/birokhalasztelek.hu\/kozepiskola\/event\/megemlekezes-a-holokauszt-aldozatairol-iv-16-7\/","title":{"rendered":"Megeml\u00e9kez\u00e9s a holokauszt \u00e1ldozatair\u00f3l (IV.16.)"},"content":{"rendered":"","protected":false},"excerpt":{"rendered":"","protected":false},"author":1,"featured_media":0,"comment_status":"closed","ping_status":"closed","template":"","meta":{"_mi_skip_tracking":false},"tags":[],"tribe_events_cat":[],"_links":{"self":[{"href":"https:\/\/birokhalasztelek.hu\/kozepiskola\/wp-json\/wp\/v2\/tribe_events\/5624"}],"collection":[{"href":"https:\/\/birokhalasztelek.hu\/kozepiskola\/wp-json\/wp\/v2\/tribe_events"}],"about":[{"href":"https:\/\/birokhalasztelek.hu\/kozepiskola\/wp-json\/wp\/v2\/types\/tribe_events"}],"author":[{"embeddable":true,"href":"https:\/\/birokhalasztelek.hu\/kozepiskola\/wp-json\/wp\/v2\/users\/1"}],"replies":[{"embeddable":true,"href":"https:\/\/birokhalasztelek.hu\/kozepiskola\/wp-json\/wp\/v2\/comments?post=5624"}],"version-history":[{"count":1,"href":"https:\/\/birokhalasztelek.hu\/kozepiskola\/wp-json\/wp\/v2\/tribe_events\/5624\/revisions"}],"predecessor-version":[{"id":5625,"href":"https:\/\/birokhalasztelek.hu\/kozepiskola\/wp-json\/wp\/v2\/tribe_events\/5624\/revisions\/5625"}],"wp:attachment":[{"href":"https:\/\/birokhalasztelek.hu\/kozepiskola\/wp-json\/wp\/v2\/media?parent=5624"}],"wp:term":[{"taxonomy":"post_tag","embeddable":true,"href":"https:\/\/birokhalasztelek.hu\/kozepiskola\/wp-json\/wp\/v2\/tags?post=5624"},{"taxonomy":"tribe_events_cat","embeddable":true,"href":"https:\/\/birokhalasztelek.hu\/kozepiskola\/wp-json\/wp\/v2\/tribe_events_cat?post=5624"}],"curies":[{"name":"wp","href":"https:\/\/api.w.org\/{rel}","templated":true}]}}

Megemlékezés a holokauszt áldozatairól (IV.16.)
