{"id":79,"date":"2015-07-27T13:32:09","date_gmt":"2015-07-27T13:32:09","guid":{"rendered":"http:\/\/bocskai.halasztelek.hu\/kozepiskola\/?page_id=79"},"modified":"2025-05-25T19:13:48","modified_gmt":"2025-05-25T19:13:48","slug":"nyelvvizsga","status":"publish","type":"page","link":"https:\/\/birokhalasztelek.hu\/kozepiskola\/nyelvvizsga\/","title":{"rendered":"Nyelvvizsga"},"content":{"rendered":"<p><strong>Mi\u00e9rt a T\u00e1rsalKOD\u00d3 nyelvvizsga?<\/strong><\/p>\n<ul>\n<li>akkredit\u00e1lt, \u00e1llamilag elismert nyelvvizsgarendszer angol \u00e9s n\u00e9met nyelvb\u0151l<\/li>\n<li>t\u00f6bb mint 20 \u00e9ves vizsg\u00e1ztat\u00f3i tapasztalat<\/li>\n<li>vizsg\u00e1z\u00f3k sz\u00e1m\u00e1t tekintve a 10 legn\u00e9pszer\u0171bb nyelvvizsga egyike<\/li>\n<li>orsz\u00e1gos lefedetts\u00e9g\u0171: 17 vizsgahely<\/li>\n<li>\u00e9letszer\u0171, kommunik\u00e1ci\u00f3ra \u00e9p\u00fcl\u0151 vizsga<\/li>\n<li>di\u00e1kokhoz k\u00f6zel\u00e1ll\u00f3 t\u00e9m\u00e1k<\/li>\n<li>komplex vizsg\u00e1n 60%-os egy\u00fcttes megfelel\u00e9s<\/li>\n<li>ismer\u0151s \u00e9s \u00e1lland\u00f3 feladatt\u00edpusok<\/li>\n<li>kisz\u00e1m\u00edthat\u00f3, korrekt \u00e9rt\u00e9kel\u00e9s<\/li>\n<li>kedvez\u0151 \u00e1r<\/li>\n<\/ul>\n<p>A Kodol\u00e1nyi J\u00e1nos Egyetem Nyelvvizsgak\u00f6zpontja 2003 \u00f3ta m\u0171k\u00f6dteti az akkredit\u00e1lt \u00e1ltal\u00e1nos, T\u00c1RSALKOD\u00d3 elnevez\u00e9s\u0171 nyelvvizsgarendszert.<\/p>\n<p>A vizsg\u00e1z\u00f3k val\u00f3s, kommunikat\u00edv k\u00e9szs\u00e9geit m\u00e9rj\u00fck egy egyszer\u0171 vizsga keret\u00e9ben, amely egyszerre szolg\u00e1lja a vizsg\u00e1z\u00f3k ig\u00e9nyeit, \u00e9s megfelel a K\u00f6z\u00f6s Eur\u00f3pai Referenciakeret elv\u00e1r\u00e1sainak.<\/p>\n<p>Eddigi vizsg\u00e1z\u00f3ink sz\u00e1ma meghaladja az 55 ezret. Hisz\u00fcnk abban, \u00e9s a pozit\u00edv visszajelz\u00e9sek is azt igazolj\u00e1k, hogy a vizsg\u00e1z\u00f3k er\u0151ss\u00e9geire \u00e9p\u00edt\u0151, korrekt, j\u00f3 hangulat\u00fa \u00e9s kedvez\u0151 \u00e1r\u00fa vizsga hozz\u00e1j\u00e1rul a sikeres vizsg\u00e1z\u00e1shoz.<\/p>\n<p>Vizsgajelentkez\u00e9s \u00e9s tov\u00e1bbi inform\u00e1ci\u00f3:<\/p>\n<p><a href=\"http:\/\/www.tarsalkodo.kodolanyi.hu\">www.tarsalkodo.kodolanyi.hu<\/a><\/p>\n\n\n<p>Bocskai Nyelvvizsga el\u00e9rhet\u0151s\u00e9ge: <a rel=\"noreferrer noopener\" href=\"mailto:nyelvvizsga.halasztelek@gmail.com\" target=\"_blank\">nyelvvizsga.halasztelek@gmail.com<\/a><\/p>\n","protected":false},"excerpt":{"rendered":"<p>Mi\u00e9rt a T\u00e1rsalKOD\u00d3 nyelvvizsga? akkredit\u00e1lt, \u00e1llamilag elismert nyelvvizsgarendszer angol \u00e9s n\u00e9met nyelvb\u0151l t\u00f6bb mint 20 \u00e9ves vizsg\u00e1ztat\u00f3i tapasztalat vizsg\u00e1z\u00f3k sz\u00e1m\u00e1t tekintve a 10 legn\u00e9pszer\u0171bb nyelvvizsga egyike orsz\u00e1gos lefedetts\u00e9g\u0171: 17 vizsgahely \u00e9letszer\u0171, kommunik\u00e1ci\u00f3ra \u00e9p\u00fcl\u0151 vizsga di\u00e1kokhoz k\u00f6zel\u00e1ll\u00f3 t\u00e9m\u00e1k komplex vizsg\u00e1n 60%-os egy\u00fcttes megfelel\u00e9s ismer\u0151s \u00e9s \u00e1lland\u00f3 feladatt\u00edpusok kisz\u00e1m\u00edthat\u00f3, korrekt \u00e9rt\u00e9kel\u00e9s kedvez\u0151 \u00e1r A Kodol\u00e1nyi J\u00e1nos Egyetem [&hellip;]<\/p>\n","protected":false},"author":6,"featured_media":0,"parent":0,"menu_order":0,"comment_status":"closed","ping_status":"closed","template":"","meta":{"_mi_skip_tracking":false},"_links":{"self":[{"href":"https:\/\/birokhalasztelek.hu\/kozepiskola\/wp-json\/wp\/v2\/pages\/79"}],"collection":[{"href":"https:\/\/birokhalasztelek.hu\/kozepiskola\/wp-json\/wp\/v2\/pages"}],"about":[{"href":"https:\/\/birokhalasztelek.hu\/kozepiskola\/wp-json\/wp\/v2\/types\/page"}],"author":[{"embeddable":true,"href":"https:\/\/birokhalasztelek.hu\/kozepiskola\/wp-json\/wp\/v2\/users\/6"}],"replies":[{"embeddable":true,"href":"https:\/\/birokhalasztelek.hu\/kozepiskola\/wp-json\/wp\/v2\/comments?post=79"}],"version-history":[{"count":41,"href":"https:\/\/birokhalasztelek.hu\/kozepiskola\/wp-json\/wp\/v2\/pages\/79\/revisions"}],"predecessor-version":[{"id":6449,"href":"https:\/\/birokhalasztelek.hu\/kozepiskola\/wp-json\/wp\/v2\/pages\/79\/revisions\/6449"}],"wp:attachment":[{"href":"https:\/\/birokhalasztelek.hu\/kozepiskola\/wp-json\/wp\/v2\/media?parent=79"}],"curies":[{"name":"wp","href":"https:\/\/api.w.org\/{rel}","templated":true}]}}