{"id":5654,"date":"2024-03-13T20:28:56","date_gmt":"2024-03-13T20:28:56","guid":{"rendered":"https:\/\/birokhalasztelek.hu\/kozepiskola\/?page_id=5654"},"modified":"2024-03-18T08:55:44","modified_gmt":"2024-03-18T08:55:44","slug":"magyarorszagi-utazas-2022","status":"publish","type":"page","link":"https:\/\/birokhalasztelek.hu\/kozepiskola\/magyarorszagi-utazas-2022\/","title":{"rendered":"Magyarorsz\u00e1gi utaz\u00e1s 2022"},"content":{"rendered":"\n<p class=\"has-text-align-left has-medium-font-size\"><strong>Hat\u00e1rtalanul! magyarorsz\u00e1gi utaz\u00e1s, T\u00d6RT\u00e9nelem projekt 2022. 08. 18. \u2013 08. 24<\/strong><\/p>\n\n\n\n<p>Testv\u00e9riskol\u00e1nk di\u00e1kjai \u00e9s tan\u00e1rai augusztus 18-\u00e1n \u00e9rkeztek meg Hal\u00e1sztelekre.<\/p>\n\n\n\n<p><strong>2. nap Budapest<\/strong><br>Ezen a napon vend\u00e9geink Budapesti programokon vettek r\u00e9szt, melynek keret\u00e9ben ell\u00e1togattak a Parlamentbe, majd a Fiumei \u00dati S\u00edrkerttel ismerkedtek meg interakt\u00edv feladatok seg\u00edts\u00e9g\u00e9vel. Itt nyugszanak legnagyobb sz\u00e1mban a magyar t\u00f6rt\u00e9nelem \u00e9s kult\u00fara nagyjai, a s\u00edreml\u00e9kek jelent\u0151s r\u00e9sze m\u0171v\u00e9szett\u00f6rt\u00e9neti \u00e9rt\u00e9k, h\u00edres \u00e9p\u00edt\u00e9szek, szobr\u00e1szok alkot\u00e1sa. A nap v\u00e9g\u00e9n r\u00f6vid s\u00e9t\u00e1t tettek a Budai v\u00e1rban.<\/p>\n\n\n\n<p><strong>3. nap Balatonbogl\u00e1r<\/strong><br>Testv\u00e9riskol\u00e1nk di\u00e1kjaival \u00e9s a k\u00eds\u00e9r\u0151tan\u00e1rokkal a Balaton partj\u00e1ra utaztunk. Els\u0151k\u00e9nt a balatonbogl\u00e1ri kil\u00e1t\u00f3ba s\u00e9t\u00e1ltunk fel, majd a kalandparkban tett\u00fck pr\u00f3b\u00e1ra b\u00e1tors\u00e1gunkat. A bor\u00fas id\u0151 miatt csak ezut\u00e1n ker\u00fclhetett sor a balatoni f\u00fcrd\u0151z\u00e9sre, ami nagy \u00e9lm\u00e9nyt jelentett a hegyvid\u00e9khez szokott vend\u00e9geinknek. A napot a haj\u00f3kir\u00e1ndul\u00e1s tette m\u00e9g eml\u00e9kezetesebb\u00e9, ahonnan megcsod\u00e1lhatt\u00e1k a naplement\u00e9t \u00e9s a magyar tengert k\u00f6rbe\u00f6lel\u0151 t\u00e1jat, illetve a t\u0171zij\u00e1t\u00e9k f\u00e9nyeit.<\/p>\n\n\n\n<p><strong>4. nap Esztergom &#8211; Szentendr<\/strong>e<br>A k\u00e9t ikonikus v\u00e1ros felfedez\u00e9s\u00e9t interakt\u00edv, j\u00e1t\u00e9kos programokkal tett\u00fck \u00e9lm\u00e9nyk\u00f6zeliv\u00e9. Mindk\u00e9t helysz\u00ednen feladatlapok seg\u00edts\u00e9g\u00e9vel ismerkedtek vend\u00e9geink a v\u00e1ros nevezetess\u00e9geivel, helysz\u00edneivel. Esztergomban, a Bazilika megl\u00e1togat\u00e1sa ut\u00e1n csapatversenyeken vette r\u00e9szt a di\u00e1kok, ami lehet\u0151s\u00e9get biztos\u00edtott egym\u00e1s jobb megismer\u00e9s\u00e9re, a csoportkoh\u00e9zi\u00f3 er\u0151s\u00edt\u00e9s\u00e9re.<\/p>\n\n\n\n<p><strong>5.-6. nap Sopron \u2013 Nagycenk<\/strong><br>Az \u00f6t\u00f6dik napon Sopronba, a legh\u0171s\u00e9gesebb v\u00e1rosba utaztunk. A k\u00e9zdiv\u00e1s\u00e1rhelyi di\u00e1kok \u00e9let\u00e9hez, mindennapjaihoz szorosan kapcsol\u00f3dik az erd\u0151, a term\u00e9szet, ez\u00e9rt l\u00e1togat\u00e1st tett\u00fcnk a kert\u00e9szeti egyetem botanikus kertj\u00e9be. Fels\u00e9t\u00e1ltunk a K\u00e1roly-kil\u00e1t\u00f3ba is, de sajnos a k\u00f6d miatt nem csod\u00e1lhattuk meg a gy\u00f6ny\u00f6r\u0171 kil\u00e1t\u00e1st. A L\u0151v\u00e9rekkel \u00e9s a belv\u00e1ros nevezetess\u00e9geivel kisvonatr\u00f3l ismerkedhettek meg vend\u00e9geink, amelyb\u0151l sajnos a szakad\u00f3 es\u0151 miatt nem tudtunk kisz\u00e1llni. M\u00e1snap f\u00e1radtan, \u00e9lm\u00e9nyekkel tele vett\u00fck az ir\u00e1nyt Hal\u00e1sztelek fel\u00e9, de \u00fatk\u00f6zben felkerest\u00fck Nagycenken a Sz\u00e9chenyi Mauz\u00f3leumot. Az idegenvezet\u0151 \u00e1ltal betekint\u00e9st nyerhett\u00fcnk Sz\u00e9chenyi \u00e9let\u00e9be, munk\u00e1ss\u00e1g\u00e1ba, a magyars\u00e1g \u00e9rdek\u00e9ben tett er\u0151fesz\u00edt\u00e9seibe, ami sz\u00e9p v\u00e9gszava lett az idei \u00e9v projektj\u00e9nek. Az estet b\u00facs\u00faesttel z\u00e1rtuk Hal\u00e1sztelken, ahol m\u00e9lt\u00f3k\u00e9ppen megeml\u00e9kezt\u00fcnk a 2014 \u00f3ta zajl\u00f3 Hat\u00e1rtalanul! programokr\u00f3l, a megtett kilom\u00e9terekr\u0151l, a di\u00e1kokr\u00f3l, akik mind Magyarorsz\u00e1gon, mind K\u00e9zdiv\u00e1s\u00e1rhelyen ennek keret\u00e9ben tapasztalhatt\u00e1k meg az \u00f6sszetartoz\u00e1s \u00e9lm\u00e9ny\u00e9t.<\/p>\n\n\n\n<p>7. napon vend\u00e9geink hazautaztak K\u00e9zdiv\u00e1s\u00e1rhelyre.<\/p>\n\n\n\n<figure class=\"wp-block-gallery columns-3 is-cropped\"><ul class=\"blocks-gallery-grid\"><li class=\"blocks-gallery-item\"><figure><a href=\"https:\/\/birokhalasztelek.hu\/kozepiskola\/wp-content\/uploads\/2024\/03\/1.jpg\"><img loading=\"lazy\" width=\"908\" height=\"681\" src=\"https:\/\/birokhalasztelek.hu\/kozepiskola\/wp-content\/uploads\/2024\/03\/1.jpg\" alt=\"\" data-id=\"5641\" data-full-url=\"https:\/\/birokhalasztelek.hu\/kozepiskola\/wp-content\/uploads\/2024\/03\/1.jpg\" data-link=\"https:\/\/birokhalasztelek.hu\/kozepiskola\/1-4\/\" class=\"wp-image-5641\" srcset=\"https:\/\/birokhalasztelek.hu\/kozepiskola\/wp-content\/uploads\/2024\/03\/1.jpg 908w, https:\/\/birokhalasztelek.hu\/kozepiskola\/wp-content\/uploads\/2024\/03\/1-300x225.jpg 300w, https:\/\/birokhalasztelek.hu\/kozepiskola\/wp-content\/uploads\/2024\/03\/1-768x576.jpg 768w, https:\/\/birokhalasztelek.hu\/kozepiskola\/wp-content\/uploads\/2024\/03\/1-272x204.jpg 272w\" sizes=\"(max-width: 908px) 100vw, 908px\" \/><\/a><\/figure><\/li><li class=\"blocks-gallery-item\"><figure><a href=\"https:\/\/birokhalasztelek.hu\/kozepiskola\/wp-content\/uploads\/2024\/03\/2.jpg\"><img loading=\"lazy\" width=\"908\" height=\"681\" src=\"https:\/\/birokhalasztelek.hu\/kozepiskola\/wp-content\/uploads\/2024\/03\/2.jpg\" alt=\"\" data-id=\"5642\" data-full-url=\"https:\/\/birokhalasztelek.hu\/kozepiskola\/wp-content\/uploads\/2024\/03\/2.jpg\" data-link=\"https:\/\/birokhalasztelek.hu\/kozepiskola\/2-5\/\" class=\"wp-image-5642\" srcset=\"https:\/\/birokhalasztelek.hu\/kozepiskola\/wp-content\/uploads\/2024\/03\/2.jpg 908w, https:\/\/birokhalasztelek.hu\/kozepiskola\/wp-content\/uploads\/2024\/03\/2-300x225.jpg 300w, https:\/\/birokhalasztelek.hu\/kozepiskola\/wp-content\/uploads\/2024\/03\/2-768x576.jpg 768w, https:\/\/birokhalasztelek.hu\/kozepiskola\/wp-content\/uploads\/2024\/03\/2-272x204.jpg 272w\" sizes=\"(max-width: 908px) 100vw, 908px\" \/><\/a><\/figure><\/li><li class=\"blocks-gallery-item\"><figure><a href=\"https:\/\/birokhalasztelek.hu\/kozepiskola\/wp-content\/uploads\/2024\/03\/3.jpg\"><img loading=\"lazy\" width=\"960\" height=\"720\" src=\"https:\/\/birokhalasztelek.hu\/kozepiskola\/wp-content\/uploads\/2024\/03\/3.jpg\" alt=\"\" data-id=\"5643\" data-full-url=\"https:\/\/birokhalasztelek.hu\/kozepiskola\/wp-content\/uploads\/2024\/03\/3.jpg\" data-link=\"https:\/\/birokhalasztelek.hu\/kozepiskola\/3-4\/\" class=\"wp-image-5643\" srcset=\"https:\/\/birokhalasztelek.hu\/kozepiskola\/wp-content\/uploads\/2024\/03\/3.jpg 960w, https:\/\/birokhalasztelek.hu\/kozepiskola\/wp-content\/uploads\/2024\/03\/3-300x225.jpg 300w, https:\/\/birokhalasztelek.hu\/kozepiskola\/wp-content\/uploads\/2024\/03\/3-768x576.jpg 768w, https:\/\/birokhalasztelek.hu\/kozepiskola\/wp-content\/uploads\/2024\/03\/3-272x204.jpg 272w\" sizes=\"(max-width: 960px) 100vw, 960px\" \/><\/a><\/figure><\/li><li class=\"blocks-gallery-item\"><figure><a href=\"https:\/\/birokhalasztelek.hu\/kozepiskola\/wp-content\/uploads\/2024\/03\/4.jpg\"><img loading=\"lazy\" width=\"908\" height=\"681\" src=\"https:\/\/birokhalasztelek.hu\/kozepiskola\/wp-content\/uploads\/2024\/03\/4.jpg\" alt=\"\" data-id=\"5644\" data-full-url=\"https:\/\/birokhalasztelek.hu\/kozepiskola\/wp-content\/uploads\/2024\/03\/4.jpg\" data-link=\"https:\/\/birokhalasztelek.hu\/kozepiskola\/4-4\/\" class=\"wp-image-5644\" srcset=\"https:\/\/birokhalasztelek.hu\/kozepiskola\/wp-content\/uploads\/2024\/03\/4.jpg 908w, https:\/\/birokhalasztelek.hu\/kozepiskola\/wp-content\/uploads\/2024\/03\/4-300x225.jpg 300w, https:\/\/birokhalasztelek.hu\/kozepiskola\/wp-content\/uploads\/2024\/03\/4-768x576.jpg 768w, https:\/\/birokhalasztelek.hu\/kozepiskola\/wp-content\/uploads\/2024\/03\/4-272x204.jpg 272w\" sizes=\"(max-width: 908px) 100vw, 908px\" \/><\/a><\/figure><\/li><li class=\"blocks-gallery-item\"><figure><a href=\"https:\/\/birokhalasztelek.hu\/kozepiskola\/wp-content\/uploads\/2024\/03\/5.jpg\"><img loading=\"lazy\" width=\"1000\" height=\"750\" src=\"https:\/\/birokhalasztelek.hu\/kozepiskola\/wp-content\/uploads\/2024\/03\/5.jpg\" alt=\"\" data-id=\"5645\" data-full-url=\"https:\/\/birokhalasztelek.hu\/kozepiskola\/wp-content\/uploads\/2024\/03\/5.jpg\" data-link=\"https:\/\/birokhalasztelek.hu\/kozepiskola\/5-3\/\" class=\"wp-image-5645\" srcset=\"https:\/\/birokhalasztelek.hu\/kozepiskola\/wp-content\/uploads\/2024\/03\/5.jpg 1000w, https:\/\/birokhalasztelek.hu\/kozepiskola\/wp-content\/uploads\/2024\/03\/5-300x225.jpg 300w, https:\/\/birokhalasztelek.hu\/kozepiskola\/wp-content\/uploads\/2024\/03\/5-768x576.jpg 768w, https:\/\/birokhalasztelek.hu\/kozepiskola\/wp-content\/uploads\/2024\/03\/5-272x204.jpg 272w\" sizes=\"(max-width: 1000px) 100vw, 1000px\" \/><\/a><\/figure><\/li><li class=\"blocks-gallery-item\"><figure><a href=\"https:\/\/birokhalasztelek.hu\/kozepiskola\/wp-content\/uploads\/2024\/03\/6.jpg\"><img loading=\"lazy\" width=\"911\" height=\"512\" src=\"https:\/\/birokhalasztelek.hu\/kozepiskola\/wp-content\/uploads\/2024\/03\/6.jpg\" alt=\"\" data-id=\"5646\" data-full-url=\"https:\/\/birokhalasztelek.hu\/kozepiskola\/wp-content\/uploads\/2024\/03\/6.jpg\" data-link=\"https:\/\/birokhalasztelek.hu\/kozepiskola\/6-4\/\" class=\"wp-image-5646\" srcset=\"https:\/\/birokhalasztelek.hu\/kozepiskola\/wp-content\/uploads\/2024\/03\/6.jpg 911w, https:\/\/birokhalasztelek.hu\/kozepiskola\/wp-content\/uploads\/2024\/03\/6-300x169.jpg 300w, https:\/\/birokhalasztelek.hu\/kozepiskola\/wp-content\/uploads\/2024\/03\/6-768x432.jpg 768w\" sizes=\"(max-width: 911px) 100vw, 911px\" \/><\/a><\/figure><\/li><li class=\"blocks-gallery-item\"><figure><a href=\"https:\/\/birokhalasztelek.hu\/kozepiskola\/wp-content\/uploads\/2024\/03\/7.jpg\"><img loading=\"lazy\" width=\"911\" height=\"512\" src=\"https:\/\/birokhalasztelek.hu\/kozepiskola\/wp-content\/uploads\/2024\/03\/7.jpg\" alt=\"\" data-id=\"5647\" data-full-url=\"https:\/\/birokhalasztelek.hu\/kozepiskola\/wp-content\/uploads\/2024\/03\/7.jpg\" data-link=\"https:\/\/birokhalasztelek.hu\/kozepiskola\/7-3\/\" class=\"wp-image-5647\" srcset=\"https:\/\/birokhalasztelek.hu\/kozepiskola\/wp-content\/uploads\/2024\/03\/7.jpg 911w, https:\/\/birokhalasztelek.hu\/kozepiskola\/wp-content\/uploads\/2024\/03\/7-300x169.jpg 300w, https:\/\/birokhalasztelek.hu\/kozepiskola\/wp-content\/uploads\/2024\/03\/7-768x432.jpg 768w\" sizes=\"(max-width: 911px) 100vw, 911px\" \/><\/a><\/figure><\/li><li class=\"blocks-gallery-item\"><figure><a href=\"https:\/\/birokhalasztelek.hu\/kozepiskola\/wp-content\/uploads\/2024\/03\/8.jpg\"><img loading=\"lazy\" width=\"900\" height=\"675\" src=\"https:\/\/birokhalasztelek.hu\/kozepiskola\/wp-content\/uploads\/2024\/03\/8.jpg\" alt=\"\" data-id=\"5648\" data-full-url=\"https:\/\/birokhalasztelek.hu\/kozepiskola\/wp-content\/uploads\/2024\/03\/8.jpg\" data-link=\"https:\/\/birokhalasztelek.hu\/kozepiskola\/8-3\/\" class=\"wp-image-5648\" srcset=\"https:\/\/birokhalasztelek.hu\/kozepiskola\/wp-content\/uploads\/2024\/03\/8.jpg 900w, https:\/\/birokhalasztelek.hu\/kozepiskola\/wp-content\/uploads\/2024\/03\/8-300x225.jpg 300w, https:\/\/birokhalasztelek.hu\/kozepiskola\/wp-content\/uploads\/2024\/03\/8-768x576.jpg 768w, https:\/\/birokhalasztelek.hu\/kozepiskola\/wp-content\/uploads\/2024\/03\/8-272x204.jpg 272w\" sizes=\"(max-width: 900px) 100vw, 900px\" \/><\/a><\/figure><\/li><li class=\"blocks-gallery-item\"><figure><a href=\"https:\/\/birokhalasztelek.hu\/kozepiskola\/wp-content\/uploads\/2024\/03\/9.jpg\"><img loading=\"lazy\" width=\"900\" height=\"674\" src=\"https:\/\/birokhalasztelek.hu\/kozepiskola\/wp-content\/uploads\/2024\/03\/9.jpg\" alt=\"\" data-id=\"5649\" data-full-url=\"https:\/\/birokhalasztelek.hu\/kozepiskola\/wp-content\/uploads\/2024\/03\/9.jpg\" data-link=\"https:\/\/birokhalasztelek.hu\/kozepiskola\/9-3\/\" class=\"wp-image-5649\" srcset=\"https:\/\/birokhalasztelek.hu\/kozepiskola\/wp-content\/uploads\/2024\/03\/9.jpg 900w, https:\/\/birokhalasztelek.hu\/kozepiskola\/wp-content\/uploads\/2024\/03\/9-300x225.jpg 300w, https:\/\/birokhalasztelek.hu\/kozepiskola\/wp-content\/uploads\/2024\/03\/9-768x575.jpg 768w, https:\/\/birokhalasztelek.hu\/kozepiskola\/wp-content\/uploads\/2024\/03\/9-272x204.jpg 272w\" sizes=\"(max-width: 900px) 100vw, 900px\" \/><\/a><\/figure><\/li><li class=\"blocks-gallery-item\"><figure><a href=\"https:\/\/birokhalasztelek.hu\/kozepiskola\/wp-content\/uploads\/2024\/03\/10.jpg\"><img loading=\"lazy\" width=\"900\" height=\"675\" src=\"https:\/\/birokhalasztelek.hu\/kozepiskola\/wp-content\/uploads\/2024\/03\/10.jpg\" alt=\"\" data-id=\"5650\" data-full-url=\"https:\/\/birokhalasztelek.hu\/kozepiskola\/wp-content\/uploads\/2024\/03\/10.jpg\" data-link=\"https:\/\/birokhalasztelek.hu\/kozepiskola\/10-3\/\" class=\"wp-image-5650\" srcset=\"https:\/\/birokhalasztelek.hu\/kozepiskola\/wp-content\/uploads\/2024\/03\/10.jpg 900w, https:\/\/birokhalasztelek.hu\/kozepiskola\/wp-content\/uploads\/2024\/03\/10-300x225.jpg 300w, https:\/\/birokhalasztelek.hu\/kozepiskola\/wp-content\/uploads\/2024\/03\/10-768x576.jpg 768w, https:\/\/birokhalasztelek.hu\/kozepiskola\/wp-content\/uploads\/2024\/03\/10-272x204.jpg 272w\" sizes=\"(max-width: 900px) 100vw, 900px\" \/><\/a><\/figure><\/li><li class=\"blocks-gallery-item\"><figure><a href=\"https:\/\/birokhalasztelek.hu\/kozepiskola\/wp-content\/uploads\/2024\/03\/11.jpg\"><img loading=\"lazy\" width=\"934\" height=\"701\" src=\"https:\/\/birokhalasztelek.hu\/kozepiskola\/wp-content\/uploads\/2024\/03\/11.jpg\" alt=\"\" data-id=\"5651\" data-full-url=\"https:\/\/birokhalasztelek.hu\/kozepiskola\/wp-content\/uploads\/2024\/03\/11.jpg\" data-link=\"https:\/\/birokhalasztelek.hu\/kozepiskola\/11-2\/\" class=\"wp-image-5651\" srcset=\"https:\/\/birokhalasztelek.hu\/kozepiskola\/wp-content\/uploads\/2024\/03\/11.jpg 934w, https:\/\/birokhalasztelek.hu\/kozepiskola\/wp-content\/uploads\/2024\/03\/11-300x225.jpg 300w, https:\/\/birokhalasztelek.hu\/kozepiskola\/wp-content\/uploads\/2024\/03\/11-768x576.jpg 768w, https:\/\/birokhalasztelek.hu\/kozepiskola\/wp-content\/uploads\/2024\/03\/11-272x204.jpg 272w\" sizes=\"(max-width: 934px) 100vw, 934px\" \/><\/a><\/figure><\/li><li class=\"blocks-gallery-item\"><figure><a href=\"https:\/\/birokhalasztelek.hu\/kozepiskola\/wp-content\/uploads\/2024\/03\/12-1-scaled.jpg\"><img loading=\"lazy\" width=\"1024\" height=\"768\" src=\"https:\/\/birokhalasztelek.hu\/kozepiskola\/wp-content\/uploads\/2024\/03\/12-1-1024x768.jpg\" alt=\"\" data-id=\"5655\" data-full-url=\"https:\/\/birokhalasztelek.hu\/kozepiskola\/wp-content\/uploads\/2024\/03\/12-1-scaled.jpg\" data-link=\"https:\/\/birokhalasztelek.hu\/kozepiskola\/?attachment_id=5655\" class=\"wp-image-5655\" srcset=\"https:\/\/birokhalasztelek.hu\/kozepiskola\/wp-content\/uploads\/2024\/03\/12-1-1024x768.jpg 1024w, https:\/\/birokhalasztelek.hu\/kozepiskola\/wp-content\/uploads\/2024\/03\/12-1-300x225.jpg 300w, https:\/\/birokhalasztelek.hu\/kozepiskola\/wp-content\/uploads\/2024\/03\/12-1-768x576.jpg 768w, https:\/\/birokhalasztelek.hu\/kozepiskola\/wp-content\/uploads\/2024\/03\/12-1-1536x1152.jpg 1536w, https:\/\/birokhalasztelek.hu\/kozepiskola\/wp-content\/uploads\/2024\/03\/12-1-2048x1536.jpg 2048w, https:\/\/birokhalasztelek.hu\/kozepiskola\/wp-content\/uploads\/2024\/03\/12-1-272x204.jpg 272w\" sizes=\"(max-width: 1024px) 100vw, 1024px\" \/><\/a><\/figure><\/li><li class=\"blocks-gallery-item\"><figure><a href=\"https:\/\/birokhalasztelek.hu\/kozepiskola\/wp-content\/uploads\/2024\/03\/13.jpg\"><img loading=\"lazy\" width=\"900\" height=\"675\" src=\"https:\/\/birokhalasztelek.hu\/kozepiskola\/wp-content\/uploads\/2024\/03\/13.jpg\" alt=\"\" data-id=\"5653\" data-full-url=\"https:\/\/birokhalasztelek.hu\/kozepiskola\/wp-content\/uploads\/2024\/03\/13.jpg\" data-link=\"https:\/\/birokhalasztelek.hu\/kozepiskola\/13-4\/\" class=\"wp-image-5653\" srcset=\"https:\/\/birokhalasztelek.hu\/kozepiskola\/wp-content\/uploads\/2024\/03\/13.jpg 900w, https:\/\/birokhalasztelek.hu\/kozepiskola\/wp-content\/uploads\/2024\/03\/13-300x225.jpg 300w, https:\/\/birokhalasztelek.hu\/kozepiskola\/wp-content\/uploads\/2024\/03\/13-768x576.jpg 768w, https:\/\/birokhalasztelek.hu\/kozepiskola\/wp-content\/uploads\/2024\/03\/13-272x204.jpg 272w\" sizes=\"(max-width: 900px) 100vw, 900px\" \/><\/a><\/figure><\/li><\/ul><\/figure>\n\n\n\n<figure class=\"wp-block-image size-large\"><a href=\"https:\/\/birokhalasztelek.hu\/kozepiskola\/wp-content\/uploads\/2023\/12\/image-1.jpg\"><img loading=\"lazy\" width=\"1024\" height=\"248\" src=\"https:\/\/birokhalasztelek.hu\/kozepiskola\/wp-content\/uploads\/2023\/12\/image-1-1024x248.jpg\" alt=\"\" class=\"wp-image-5455\" srcset=\"https:\/\/birokhalasztelek.hu\/kozepiskola\/wp-content\/uploads\/2023\/12\/image-1-1024x248.jpg 1024w, https:\/\/birokhalasztelek.hu\/kozepiskola\/wp-content\/uploads\/2023\/12\/image-1-300x73.jpg 300w, https:\/\/birokhalasztelek.hu\/kozepiskola\/wp-content\/uploads\/2023\/12\/image-1-768x186.jpg 768w, https:\/\/birokhalasztelek.hu\/kozepiskola\/wp-content\/uploads\/2023\/12\/image-1.jpg 1086w\" sizes=\"(max-width: 1024px) 100vw, 1024px\" \/><\/a><\/figure>\n","protected":false},"excerpt":{"rendered":"<p>Hat\u00e1rtalanul! magyarorsz\u00e1gi utaz\u00e1s, T\u00d6RT\u00e9nelem projekt 2022. 08. 18. \u2013 08. 24 Testv\u00e9riskol\u00e1nk di\u00e1kjai \u00e9s tan\u00e1rai augusztus 18-\u00e1n \u00e9rkeztek meg Hal\u00e1sztelekre. 2. nap BudapestEzen a napon vend\u00e9geink Budapesti programokon vettek r\u00e9szt, melynek keret\u00e9ben ell\u00e1togattak a Parlamentbe, majd a Fiumei \u00dati S\u00edrkerttel ismerkedtek meg interakt\u00edv feladatok seg\u00edts\u00e9g\u00e9vel. Itt nyugszanak legnagyobb sz\u00e1mban a magyar t\u00f6rt\u00e9nelem \u00e9s kult\u00fara nagyjai, [&hellip;]<\/p>\n","protected":false},"author":6,"featured_media":0,"parent":0,"menu_order":0,"comment_status":"closed","ping_status":"closed","template":"","meta":{"_mi_skip_tracking":false},"_links":{"self":[{"href":"https:\/\/birokhalasztelek.hu\/kozepiskola\/wp-json\/wp\/v2\/pages\/5654"}],"collection":[{"href":"https:\/\/birokhalasztelek.hu\/kozepiskola\/wp-json\/wp\/v2\/pages"}],"about":[{"href":"https:\/\/birokhalasztelek.hu\/kozepiskola\/wp-json\/wp\/v2\/types\/page"}],"author":[{"embeddable":true,"href":"https:\/\/birokhalasztelek.hu\/kozepiskola\/wp-json\/wp\/v2\/users\/6"}],"replies":[{"embeddable":true,"href":"https:\/\/birokhalasztelek.hu\/kozepiskola\/wp-json\/wp\/v2\/comments?post=5654"}],"version-history":[{"count":3,"href":"https:\/\/birokhalasztelek.hu\/kozepiskola\/wp-json\/wp\/v2\/pages\/5654\/revisions"}],"predecessor-version":[{"id":5695,"href":"https:\/\/birokhalasztelek.hu\/kozepiskola\/wp-json\/wp\/v2\/pages\/5654\/revisions\/5695"}],"wp:attachment":[{"href":"https:\/\/birokhalasztelek.hu\/kozepiskola\/wp-json\/wp\/v2\/media?parent=5654"}],"curies":[{"name":"wp","href":"https:\/\/api.w.org\/{rel}","templated":true}]}}