{"id":25,"date":"2015-07-27T12:45:20","date_gmt":"2015-07-27T12:45:20","guid":{"rendered":"http:\/\/bocskai.halasztelek.hu\/kozepiskola\/?page_id=25"},"modified":"2025-09-03T19:59:42","modified_gmt":"2025-09-03T19:59:42","slug":"dokumentumok","status":"publish","type":"page","link":"https:\/\/birokhalasztelek.hu\/kozepiskola\/dokumentumok\/","title":{"rendered":"Dokumentumok"},"content":{"rendered":"<p>Let\u00f6lthet\u0151 dokumentumok:<\/p>\n<p><a href=\"http:\/\/bocskai.halasztelek.hu\/kozepiskola\/wp-content\/uploads\/2015\/07\/A-hetesek-k\u00f6telez\u0151-feladatai-1.doc\">A hetesek k\u00f6telez\u0151 feladatai<\/a><\/p>\n<p><a href=\"https:\/\/birokhalasztelek.hu\/kozepiskola\/wp-content\/uploads\/2019\/09\/K\u00f6nyvt\u00e1ri-nyitvatart\u00e1s.docx\">A K\u00d6NYVT\u00c1R NYITVATART\u00c1SA<\/a><\/p>\n<p><a href=\"http:\/\/bocskai.halasztelek.hu\/kozepiskola\/wp-content\/uploads\/2015\/07\/Adatlap-1.doc\">Adatlap<\/a><\/p>\n<p><a href=\"https:\/\/birokhalasztelek.hu\/kozepiskola\/wp-content\/uploads\/2019\/09\/Csenget\u00e9si-rend.doc\">Csenget\u00e9si rend jelz\u0151vel<\/a><\/p>\n<p><a href=\"http:\/\/bocskai.halasztelek.hu\/kozepiskola\/wp-content\/uploads\/2015\/07\/Sz\u00fcl\u0151i-nyilatkozat-\u00e9tkeztet\u00e9si-kedvezm\u00e9nyr\u0151l-1.doc\">Sz\u00fcl\u0151i nyilatkozat \u00e9tkeztet\u00e9si kedvezm\u00e9nyr\u0151l<\/a><\/p>\n<p><a href=\"http:\/\/bocskai.halasztelek.hu\/kozepiskola\/wp-content\/uploads\/2015\/07\/Etikai-k\u00f3dex-1.doc\">Etikai k\u00f3dex<\/a><\/p>\n<p><a href=\"https:\/\/birokhalasztelek.hu\/kozepiskola\/wp-content\/uploads\/2025\/09\/Hazirend-2025.alairt_compressed.pdf\">H\u00e1zirend<\/a><\/p>\n<p><a href=\"https:\/\/birokhalasztelek.hu\/kozepiskola\/wp-content\/uploads\/2024\/09\/SZMSZ-2024.-hitelesitett.pdf\">Szervezeti \u00e9s m\u0171k\u00f6d\u00e9si szab\u00e1lyzat 2024<\/a><\/p>\n<p><a href=\"https:\/\/birokhalasztelek.hu\/kozepiskola\/wp-content\/uploads\/2025\/09\/Pedagogiai-program-torzs-2025.05.26.-jav.-alairt.pdf\">Pedag\u00f3giai program t\u00f6rzs<\/a><\/p>\n<p><a href=\"https:\/\/birokhalasztelek.hu\/kozepiskola\/wp-content\/uploads\/2020\/11\/Pedag\u00f3giai-program-1.-mell\u00e9klet-2020.pdf\">Pedag\u00f3giai program 1. mell\u00e9klet<\/a><\/p>\n<p><a href=\"https:\/\/birokhalasztelek.hu\/kozepiskola\/wp-content\/uploads\/2024\/09\/Pedagogiai-program-2.-melleklet-2024.pdf\">Pedag\u00f3giai program 2. mell\u00e9klet<\/a><\/p>\n<p><a href=\"https:\/\/birokhalasztelek.hu\/kozepiskola\/wp-content\/uploads\/2024\/09\/Pedagogiai-program-5.-melleklet-2024.pdf\">Pedag\u00f3giai program 5. mell\u00e9klet<\/a><\/p>\n<p><a href=\"https:\/\/birokhalasztelek.hu\/kozepiskola\/wp-content\/uploads\/2024\/09\/Pedagogiai-program-6.-melleklet-2024.pdf\">Pedag\u00f3giai program 6. mell\u00e9klet<\/a><\/p>\n<p><a href=\"https:\/\/birokhalasztelek.hu\/kozepiskola\/wp-content\/uploads\/2024\/09\/Pedagogiai-program-7.-melleklet-2024.pdf\">Pedag\u00f3giai program 7. mell\u00e9klet<\/a><\/p>\n<p><a href=\"https:\/\/birokhalasztelek.hu\/kozepiskola\/wp-content\/uploads\/2023\/05\/Tajekoztatas_Szolgaltatasrol_Adatkezeles.pdf\">T\u00e1j\u00e9koztat\u00e1s \u00f3vodai \u00e9s iskolai szoci\u00e1lis seg\u00edt\u0151 szolg\u00e1ltat\u00e1sr\u00f3l<\/a><\/p>\n<p><a href=\"https:\/\/birokhalasztelek.hu\/kozepiskola\/wp-content\/uploads\/2024\/09\/Adatkezelesi_tajekoztato_BIROK.pdf\">Adatkezel\u00e9si t\u00e1j\u00e9koztat\u00f3<\/a><\/p>\n<p><a href=\"https:\/\/birokhalasztelek.hu\/kozepiskola\/wp-content\/uploads\/2024\/09\/Adatvedelmi_es_Adatbiztonsagi_Szabalyzat_BIROK-hitelesitett.pdf\">Adatv\u00e9delmi \u00e9s Adatbiztons\u00e1gi szab\u00e1lyzat<\/a><\/p>\n<p><a href=\"https:\/\/birokhalasztelek.hu\/kozepiskola\/wp-content\/uploads\/2024\/09\/Tajekoztatas_kameras_megfigyelo_rendszer_alkalmazasarol_BIROK_JAV_vegleges.pdf\">T\u00e1j\u00e9koztat\u00e1s kamer\u00e1s megfigyel\u0151 rendszer alkalmaz\u00e1s\u00e1r\u00f3l<\/a><\/p>\n\n\n<p><a href=\"https:\/\/birokhalasztelek.hu\/kozepiskola\/wp-content\/uploads\/2024\/10\/Etkezesi-dijak-valtozasa-kozepiskola.pdf\">\u00c9tkez\u00e9si nyilatkozat<\/a><\/p>\n\n\n\n<p><a href=\"https:\/\/birokhalasztelek.hu\/kozepiskola\/wp-content\/uploads\/2024\/10\/Etkezesi-dijak-valtozasa-kozepiskola-1.pdf\">\u00c9tkez\u00e9si d\u00edjak v\u00e1ltoz\u00e1sa<\/a><\/p>\n","protected":false},"excerpt":{"rendered":"<p>Let\u00f6lthet\u0151 dokumentumok: A hetesek k\u00f6telez\u0151 feladatai A K\u00d6NYVT\u00c1R NYITVATART\u00c1SA Adatlap Csenget\u00e9si rend jelz\u0151vel Sz\u00fcl\u0151i nyilatkozat \u00e9tkeztet\u00e9si kedvezm\u00e9nyr\u0151l Etikai k\u00f3dex H\u00e1zirend Szervezeti \u00e9s m\u0171k\u00f6d\u00e9si szab\u00e1lyzat 2024 Pedag\u00f3giai program t\u00f6rzs Pedag\u00f3giai program 1. mell\u00e9klet Pedag\u00f3giai program 2. mell\u00e9klet Pedag\u00f3giai program 5. mell\u00e9klet Pedag\u00f3giai program 6. mell\u00e9klet Pedag\u00f3giai program 7. mell\u00e9klet T\u00e1j\u00e9koztat\u00e1s \u00f3vodai \u00e9s iskolai szoci\u00e1lis seg\u00edt\u0151 szolg\u00e1ltat\u00e1sr\u00f3l [&hellip;]<\/p>\n","protected":false},"author":6,"featured_media":0,"parent":0,"menu_order":0,"comment_status":"closed","ping_status":"closed","template":"","meta":{"_mi_skip_tracking":false},"_links":{"self":[{"href":"https:\/\/birokhalasztelek.hu\/kozepiskola\/wp-json\/wp\/v2\/pages\/25"}],"collection":[{"href":"https:\/\/birokhalasztelek.hu\/kozepiskola\/wp-json\/wp\/v2\/pages"}],"about":[{"href":"https:\/\/birokhalasztelek.hu\/kozepiskola\/wp-json\/wp\/v2\/types\/page"}],"author":[{"embeddable":true,"href":"https:\/\/birokhalasztelek.hu\/kozepiskola\/wp-json\/wp\/v2\/users\/6"}],"replies":[{"embeddable":true,"href":"https:\/\/birokhalasztelek.hu\/kozepiskola\/wp-json\/wp\/v2\/comments?post=25"}],"version-history":[{"count":36,"href":"https:\/\/birokhalasztelek.hu\/kozepiskola\/wp-json\/wp\/v2\/pages\/25\/revisions"}],"predecessor-version":[{"id":6462,"href":"https:\/\/birokhalasztelek.hu\/kozepiskola\/wp-json\/wp\/v2\/pages\/25\/revisions\/6462"}],"wp:attachment":[{"href":"https:\/\/birokhalasztelek.hu\/kozepiskola\/wp-json\/wp\/v2\/media?parent=25"}],"curies":[{"name":"wp","href":"https:\/\/api.w.org\/{rel}","templated":true}]}}