{"id":18,"date":"2015-07-27T12:35:27","date_gmt":"2015-07-27T12:35:27","guid":{"rendered":"http:\/\/bocskai.halasztelek.hu\/kozepiskola\/?page_id=18"},"modified":"2019-02-17T12:56:09","modified_gmt":"2019-02-17T12:56:09","slug":"kapcsolat","status":"publish","type":"page","link":"https:\/\/birokhalasztelek.hu\/kozepiskola\/kapcsolat\/","title":{"rendered":"Kapcsolat"},"content":{"rendered":"<h5><b>C\u00edm:<\/b> 2314 Hal\u00e1sztelek, II. R\u00e1k\u00f3czi Ferenc \u00fat 17.<\/p>\n<p><b>Telefon:<\/b> 06-24-517-250<\/p>\n<p><b>Weboldal:<\/b> <a href=\"http:\/\/birokhalasztelek.hu\/kozepiskola\/\" target=\"_new\">http:\/\/birokhalasztelek.hu\/kozepiskola\/<\/a><\/p>\n<p><b>E-mail:<\/b> <a href=\"mailto:bocskai.gimnazium@reformatus.hu\">bocskai.gimnazium@reformatus.hu<\/a><\/h5>\n<h5>Google t\u00e9rk\u00e9p<\/h5>\n<p><iframe loading=\"lazy\" style=\"border: 0;\" src=\"https:\/\/www.google.com\/maps\/embed?pb=!1m18!1m12!1m3!1d2702.717475651651!2d18.986627!3d47.3589136!2m3!1f0!2f0!3f0!3m2!1i1024!2i768!4f13.1!3m3!1m2!1s0x4741e5d2925c7e5b%3A0xee5a25e530677e!2zSUkuIFLDoWvDs2N6aSBGZXJlbmMgw7p0IDE3LCBIYWzDoXN6dGVsZWssIDIzMTQ!5e0!3m2!1shu!2shu!4v1438028229244\" width=\"600\" height=\"450\" frameborder=\"0\" allowfullscreen=\"allowfullscreen\"><\/iframe><\/p>\n","protected":false},"excerpt":{"rendered":"<p>C\u00edm: 2314 Hal\u00e1sztelek, II. R\u00e1k\u00f3czi Ferenc \u00fat 17. Telefon: 06-24-517-250 Weboldal: http:\/\/birokhalasztelek.hu\/kozepiskola\/ E-mail: bocskai.gimnazium@reformatus.hu Google t\u00e9rk\u00e9p<\/p>\n","protected":false},"author":1,"featured_media":0,"parent":0,"menu_order":0,"comment_status":"closed","ping_status":"closed","template":"","meta":{"_mi_skip_tracking":false},"_links":{"self":[{"href":"https:\/\/birokhalasztelek.hu\/kozepiskola\/wp-json\/wp\/v2\/pages\/18"}],"collection":[{"href":"https:\/\/birokhalasztelek.hu\/kozepiskola\/wp-json\/wp\/v2\/pages"}],"about":[{"href":"https:\/\/birokhalasztelek.hu\/kozepiskola\/wp-json\/wp\/v2\/types\/page"}],"author":[{"embeddable":true,"href":"https:\/\/birokhalasztelek.hu\/kozepiskola\/wp-json\/wp\/v2\/users\/1"}],"replies":[{"embeddable":true,"href":"https:\/\/birokhalasztelek.hu\/kozepiskola\/wp-json\/wp\/v2\/comments?post=18"}],"version-history":[{"count":6,"href":"https:\/\/birokhalasztelek.hu\/kozepiskola\/wp-json\/wp\/v2\/pages\/18\/revisions"}],"predecessor-version":[{"id":2959,"href":"https:\/\/birokhalasztelek.hu\/kozepiskola\/wp-json\/wp\/v2\/pages\/18\/revisions\/2959"}],"wp:attachment":[{"href":"https:\/\/birokhalasztelek.hu\/kozepiskola\/wp-json\/wp\/v2\/media?parent=18"}],"curies":[{"name":"wp","href":"https:\/\/api.w.org\/{rel}","templated":true}]}}