{"id":8,"date":"2016-10-25T16:45:18","date_gmt":"2016-10-25T16:45:18","guid":{"rendered":"http:\/\/bocskai.halasztelek.hu\/ami\/?page_id=8"},"modified":"2024-11-11T20:22:24","modified_gmt":"2024-11-11T20:22:24","slug":"tanszakok","status":"publish","type":"page","link":"https:\/\/birokhalasztelek.hu\/ami\/tanszakok\/","title":{"rendered":"Tanszakok"},"content":{"rendered":"<h5 style=\"text-align: center;\">Tanszakok<\/h5>\n<p><strong><u>Klasszikus zene <\/u><\/strong><\/p>\n<p><strong>Faf\u00fav\u00f3s tanszak <\/strong><\/p>\n<ul>\n<li>furulya<\/li>\n<li>fuvola<\/li>\n<li>klarin\u00e9t<\/li>\n<li>szaxofon<\/li>\n<\/ul>\n<p><strong> R\u00e9zf\u00fav\u00f3s tanszak <\/strong><\/p>\n<ul>\n<li>trombita<\/li>\n<li>k\u00fcrt<\/li>\n<li>tenork\u00fcrt<\/li>\n<li>tuba<\/li>\n<\/ul>\n<p><strong> Akkordikus tanszak <\/strong><\/p>\n<ul>\n<li>git\u00e1r<\/li>\n<li>\u00fct\u0151<\/li>\n<li>harmonika<\/li>\n<\/ul>\n<p><strong> Billenty\u0171s tanszak <\/strong><\/p>\n<ul>\n<li>zongora<\/li>\n<li>orgona<\/li>\n<\/ul>\n<p><strong> Vok\u00e1lis tanszak <\/strong><\/p>\n<ul>\n<li>mag\u00e1n\u00e9nek<\/li>\n<\/ul>\n<p><strong> Zeneismeret tanszak <\/strong><\/p>\n<ul>\n<li>szolf\u00e9zs<\/li>\n<\/ul>\n<p><strong><u>N\u00e9pzene<\/u><\/strong><\/p>\n<p><strong>Von\u00f3s \u00e9s teker\u0151 tanszak <\/strong><\/p>\n<ul>\n<li>n\u00e9pi heged\u0171<\/li>\n<li>n\u00e9pi br\u00e1csa<\/li>\n<li>n\u00e9pi nagyb\u0151g\u0151<\/li>\n<\/ul>\n<p><strong> Penget\u0151s tanszak <\/strong><\/p>\n<ul>\n<li>citera<\/li>\n<\/ul>\n<p><strong><u>T\u00e1ncm\u0171v\u00e9szeti \u00e1g<\/u><\/strong><\/p>\n<p><strong> N\u00e9pt\u00e1nc tanszak<\/strong><\/p>\n<ul>\n<li>N\u00e9pi j\u00e1t\u00e9k<\/li>\n<li>N\u00e9pt\u00e1nc<\/li>\n<li>Folkl\u00f3rismeret<\/li>\n<li>T\u00e1nct\u00f6rt\u00e9net<\/li>\n<\/ul>\n<p><strong><u>K\u00e9pz\u0151-\u00e9s Iparm\u0171v\u00e9szeti \u00e1g<\/u><\/strong><\/p>\n<p><strong> K\u00e9pz\u0151m\u0171v\u00e9szeti tanszak<br \/>\nK\u00f6telez\u0151 tant\u00e1rgyai:<\/strong><\/p>\n<ul>\n<li>Vizu\u00e1lis alapoz\u00f3 gyakorlatok<\/li>\n<li>Vizu\u00e1lis alkot\u00f3 gyakorlat<\/li>\n<li>Grafika \u00e9s fest\u00e9szet alapjai<\/li>\n<\/ul>\n<p><strong>K\u00f6telez\u0151en v\u00e1laszthat\u00f3 m\u0171helygyakorlat<\/strong><\/p>\n<ul>\n<li>Grafika \u00e9s fest\u00e9szet m\u0171helygyakorlat<\/li>\n<\/ul>\n","protected":false},"excerpt":{"rendered":"<p>Tanszakok Klasszikus zene Faf\u00fav\u00f3s tanszak furulya fuvola klarin\u00e9t szaxofon R\u00e9zf\u00fav\u00f3s tanszak trombita k\u00fcrt tenork\u00fcrt tuba Akkordikus tanszak git\u00e1r \u00fct\u0151 harmonika Billenty\u0171s tanszak zongora orgona Vok\u00e1lis tanszak mag\u00e1n\u00e9nek Zeneismeret tanszak szolf\u00e9zs [&hellip;]<\/p>\n","protected":false},"author":1,"featured_media":0,"parent":0,"menu_order":0,"comment_status":"closed","ping_status":"closed","template":"","meta":[],"_links":{"self":[{"href":"https:\/\/birokhalasztelek.hu\/ami\/wp-json\/wp\/v2\/pages\/8"}],"collection":[{"href":"https:\/\/birokhalasztelek.hu\/ami\/wp-json\/wp\/v2\/pages"}],"about":[{"href":"https:\/\/birokhalasztelek.hu\/ami\/wp-json\/wp\/v2\/types\/page"}],"author":[{"embeddable":true,"href":"https:\/\/birokhalasztelek.hu\/ami\/wp-json\/wp\/v2\/users\/1"}],"replies":[{"embeddable":true,"href":"https:\/\/birokhalasztelek.hu\/ami\/wp-json\/wp\/v2\/comments?post=8"}],"version-history":[{"count":10,"href":"https:\/\/birokhalasztelek.hu\/ami\/wp-json\/wp\/v2\/pages\/8\/revisions"}],"predecessor-version":[{"id":692,"href":"https:\/\/birokhalasztelek.hu\/ami\/wp-json\/wp\/v2\/pages\/8\/revisions\/692"}],"wp:attachment":[{"href":"https:\/\/birokhalasztelek.hu\/ami\/wp-json\/wp\/v2\/media?parent=8"}],"curies":[{"name":"wp","href":"https:\/\/api.w.org\/{rel}","templated":true}]}}