{"id":594,"date":"2020-09-04T19:44:54","date_gmt":"2020-09-04T19:44:54","guid":{"rendered":"https:\/\/birokhalasztelek.hu\/ami\/?page_id=594"},"modified":"2023-10-18T19:24:53","modified_gmt":"2023-10-18T19:24:53","slug":"muveszeti-iskola-programjai-a-2020-2021-tanevben","status":"publish","type":"page","link":"https:\/\/birokhalasztelek.hu\/ami\/muveszeti-iskola-programjai-a-2020-2021-tanevben\/","title":{"rendered":"M\u0171v\u00e9szeti iskola programjai a  2023-2024 tan\u00e9vben"},"content":{"rendered":"\n<ol type=\"1\"><li>2023.09.11 h\u00e9tf\u0151 17.00 &#8211; Tan\u00e9vnyit\u00f3 istentisztelet, majd sz\u00fcl\u0151i \u00e9rtekezlet.<\/li><li>2023.09.12-15 kedd-p\u00e9ntek &#8211; A m\u0171v\u00e9szeti tanszakok egy\u00e9ni \u00f3rabeoszt\u00e1sa.<\/li><li>2023.09.28 cs\u00fct\u00f6rt\u00f6k &#8211; Jelentkez\u00e9si lapok lead\u00e1si hat\u00e1rideje.<\/li><li>2023.09.29 p\u00e9ntek &#8211; A t\u00e9r\u00edt\u00e9si d\u00edj \u00e9s a kauci\u00f3 befizet\u00e9si hat\u00e1rideje.<\/li><li>2023.10.02 h\u00e9tf\u0151 &#8211; Hangverseny a Zene Vil\u00e1gnapja alkalm\u00e1b\u00f3l.<\/li><li>2023.12.11-19 h\u00e9tf\u0151-kedd \u2013 F\u00e9l\u00e9vi hangszeres vizsg\u00e1k.<\/li><li>2023.12.20 szerda 16.00 &#8211; Adventi hangverseny Reform\u00e1tus templom<\/li><li>2024.01.15-19 h\u00e9tf\u0151-p\u00e9ntek &#8211; F\u00e9l\u00e9vi hangszeres vizsg\u00e1k.<\/li><li>2024.01.18 cs\u00fct\u00f6rt\u00f6k 18.00 &#8211; N\u00e9pzenei G\u00e1lam\u0171sor (R\u00e1k\u00f3czi utca eb\u00e9dl\u0151)<\/li><li>2024.02.09 p\u00e9ntek \u2013 II. F\u00e9l\u00e9ves t\u00e9r\u00edt\u00e9si d\u00edj befizet\u00e9si hat\u00e1rid\u0151.<\/li><li>2024.03.05 kedd 14.00 &#8211; T\u00fccs\u00f6k Hangverseny<\/li><li>2024.04.26 p\u00e9ntek 14.00 &#8211; Zenei vet\u00e9lked\u0151.<\/li><li>2024.05.21-31 kedd-p\u00e9ntek \u00c9v v\u00e9gi hangszeres vizsg\u00e1k.<\/li><li>2024.06.12 szerda 18.00 \u2013 Bizony\u00edtv\u00e1nyoszt\u00e1s. Reform\u00e1tus templom.<\/li><\/ol>\n\n\n\n<p>Hal\u00e1sztelek 2023. 09. 03.<\/p>\n\n\n\n<p>T\u00f3th\n\u00c1kos<\/p>\n\n\n\n<p>Int\u00e9zm\u00e9nyegys\u00e9g-vezet\u0151<\/p>\n","protected":false},"excerpt":{"rendered":"<p>2023.09.11 h\u00e9tf\u0151 17.00 &#8211; Tan\u00e9vnyit\u00f3 istentisztelet, majd sz\u00fcl\u0151i \u00e9rtekezlet. 2023.09.12-15 kedd-p\u00e9ntek &#8211; A m\u0171v\u00e9szeti tanszakok egy\u00e9ni \u00f3rabeoszt\u00e1sa. 2023.09.28 cs\u00fct\u00f6rt\u00f6k &#8211; Jelentkez\u00e9si lapok lead\u00e1si hat\u00e1rideje. 2023.09.29 p\u00e9ntek &#8211; A t\u00e9r\u00edt\u00e9si d\u00edj [&hellip;]<\/p>\n","protected":false},"author":1,"featured_media":0,"parent":0,"menu_order":0,"comment_status":"closed","ping_status":"closed","template":"","meta":[],"_links":{"self":[{"href":"https:\/\/birokhalasztelek.hu\/ami\/wp-json\/wp\/v2\/pages\/594"}],"collection":[{"href":"https:\/\/birokhalasztelek.hu\/ami\/wp-json\/wp\/v2\/pages"}],"about":[{"href":"https:\/\/birokhalasztelek.hu\/ami\/wp-json\/wp\/v2\/types\/page"}],"author":[{"embeddable":true,"href":"https:\/\/birokhalasztelek.hu\/ami\/wp-json\/wp\/v2\/users\/1"}],"replies":[{"embeddable":true,"href":"https:\/\/birokhalasztelek.hu\/ami\/wp-json\/wp\/v2\/comments?post=594"}],"version-history":[{"count":2,"href":"https:\/\/birokhalasztelek.hu\/ami\/wp-json\/wp\/v2\/pages\/594\/revisions"}],"predecessor-version":[{"id":673,"href":"https:\/\/birokhalasztelek.hu\/ami\/wp-json\/wp\/v2\/pages\/594\/revisions\/673"}],"wp:attachment":[{"href":"https:\/\/birokhalasztelek.hu\/ami\/wp-json\/wp\/v2\/media?parent=594"}],"curies":[{"name":"wp","href":"https:\/\/api.w.org\/{rel}","templated":true}]}}