{"id":532,"date":"2019-05-23T20:23:21","date_gmt":"2019-05-23T20:23:21","guid":{"rendered":"https:\/\/birokhalasztelek.hu\/ami\/?page_id=532"},"modified":"2019-05-23T20:26:21","modified_gmt":"2019-05-23T20:26:21","slug":"bemutatkozas","status":"publish","type":"page","link":"https:\/\/birokhalasztelek.hu\/ami\/bemutatkozas\/","title":{"rendered":"Bemutatkoz\u00e1s"},"content":{"rendered":"\n<p><strong>Bocskai Istv\u00e1n Reform\u00e1tus Oktat\u00e1si K\u00f6zpont \u00d3voda, \u00c1ltal\u00e1nos\nIskola, Gimn\u00e1zium, Szakk\u00f6z\u00e9piskola, Szakiskola, Alapfok\u00fa M\u0171v\u00e9szeti Iskola \u00e9s\nKoll\u00e9gium mai arculata <\/strong>\u00f6t int\u00e9zm\u00e9ny\n\u00f6sszevon\u00e1s\u00e1val j\u00f6tt l\u00e9tre.<strong><\/strong><\/p>\n\n\n\n<p>Jogel\u0151dj\u00e9t m\u00e9g 1971-ben\nalap\u00edtotta Pest megye, s 1991-ben \u00f6nkorm\u00e1nyzati, majd 1999-ben egyh\u00e1zi\nfenntart\u00e1sba ker\u00fclt. A k\u00f6z\u00e9piskola a Bocskai-f\u00e9le szabads\u00e1gharc els\u0151 csat\u00e1j\u00e1nak\n400. \u00e9vfordul\u00f3j\u00e1n, 2004. okt\u00f3ber 15-\u00e9n vette fel Bocskai Istv\u00e1n nev\u00e9t. A\nBocskai nem csup\u00e1n k\u00f6znevel\u00e9si int\u00e9zm\u00e9nyk\u00e9nt fejti ki tev\u00e9kenys\u00e9g\u00e9t, hanem\nfeln\u0151ttk\u00e9pz\u00e9si int\u00e9zm\u00e9ny, valamint akkredit\u00e1lt nyelvvizsgahely, ECDL\nvizsgak\u00f6zpont \u00e9s CISCO Akad\u00e9mia. Ezt a t\u00f6bbr\u00e9t\u0171 oktat\u00e1si tev\u00e9kenys\u00e9get h\u0171en\nfejezi ki az&nbsp;<em>\u201eoktat\u00e1si k\u00f6zpont\u201d<\/em>&nbsp;kifejez\u00e9s.<\/p>\n\n\n\n<p>Ebben a t\u00f6bbr\u00e9t\u0171 iskolai\nszerkezetben kelt \u00e9letre az alapfok\u00fa m\u0171v\u00e9szetoktat\u00e1si iskola int\u00e9zm\u00e9nyegys\u00e9ge\nis. A kezdetet a 2008-as \u00e9v jelentette az int\u00e9zm\u00e9ny sz\u00e1m\u00e1ra mikor is m\u00e9g nem\n\u00f6n\u00e1ll\u00f3 int\u00e9zm\u00e9nyk\u00e9nt kezdte meg m\u0171k\u00f6d\u00e9s\u00e9t a m\u0171v\u00e9szeti iskola Hal\u00e1sztelken. K\u00e9t\n\u00e9vre r\u00e1 2010-ben lett a Bocskai Istv\u00e1n Reform\u00e1tus Oktat\u00e1si K\u00f6zpont \u00faj\nint\u00e9zm\u00e9nyegys\u00e9ge a m\u0171v\u00e9szeti iskola. A kezdetekben furulya, zongora, \u00e9s git\u00e1roktat\u00e1s\njelentette a zenem\u0171v\u00e9szeti \u00e1g tanszakait. Ezzel p\u00e1rhuzamosan indult el a k\u00e9pz\u0151m\u0171v\u00e9szeti\n\u00e1g, mellyel m\u00e9g v\u00e1ltozatosabb lett az iskola k\u00e9pz\u00e9si strukt\u00far\u00e1ja. Az iskola\nfejl\u0151d\u00e9s\u00e9nek egy k\u00f6vetkez\u0151 l\u00e9pcs\u0151foka volt a t\u00e1ncm\u0171v\u00e9szeti \u00e1g bevon\u00e1sa. 7 \u00e9ve\nm\u0171k\u00f6dik k\u00e9pz\u0151m\u0171v\u00e9szetei, t\u00e1ncm\u0171v\u00e9szeti, \u00e9s zenem\u0171v\u00e9szeti \u00e1ggal az alapfok\u00fa\nm\u0171v\u00e9szeti iskola. Az int\u00e9zm\u00e9nyegys\u00e9g fejl\u0151d\u00e9s\u00e9t j\u00f3l mutatja l\u00e9tsz\u00e1m\u00e1nak folyamatos\ngyarapod\u00e1sa. Az alap\u00edt\u00e1s \u00e9v\u00e9ben 80 f\u0151vel kezdte meg m\u0171k\u00f6d\u00e9s\u00e9t az int\u00e9zm\u00e9ny, 2017-ben\nk\u00f6zel 250 di\u00e1k tanul valamely m\u0171v\u00e9szeti \u00e1g tanszak\u00e1n. Zenem\u0171v\u00e9szeti \u00e1gunk sok\n\u00faj tanszakkal gazdagodott az elm\u00falt \u00e9vekben. Jelenleg zenem\u0171v\u00e9szeti,\nt\u00e1ncm\u0171v\u00e9szeti \u00e9s k\u00e9pz\u0151m\u0171v\u00e9szeti \u00e1gon a k\u00f6vetkez\u0151 tanszakok m\u0171k\u00f6dnek:<\/p>\n\n\n\n<table class=\"wp-block-table\"><tbody><tr><td>\n  <strong>Zenem\u0171v\u00e9szeti \u00e1g<\/strong>\n  <strong>Klasszikus zene<\/strong>\n  Faf\u00fav\u00f3s tanszak:\n  furulya, klarin\u00e9t, szaxofon, fuvola.&nbsp;&nbsp;&nbsp;&nbsp;&nbsp;&nbsp;&nbsp;&nbsp;&nbsp;&nbsp;&nbsp;&nbsp;&nbsp;&nbsp;&nbsp; R\u00e9zf\u00fav\u00f3s tanszak:\n  trombita, vad\u00e1szk\u00fcrt, tuba, tenork\u00fcrt.&nbsp;&nbsp;&nbsp;&nbsp;&nbsp;&nbsp;&nbsp;&nbsp;&nbsp;&nbsp;&nbsp;&nbsp;&nbsp;&nbsp;&nbsp;&nbsp;&nbsp; Akkordikus tanszak:\n  git\u00e1r,\u00fct\u0151.&nbsp;&nbsp;&nbsp;&nbsp;&nbsp;&nbsp;&nbsp;&nbsp;&nbsp;&nbsp;&nbsp;&nbsp;&nbsp;&nbsp;&nbsp;&nbsp;&nbsp;&nbsp;&nbsp;&nbsp;&nbsp;&nbsp;&nbsp; Billenty\u0171s tanszak:\n  zongora.&nbsp;&nbsp;&nbsp;&nbsp;&nbsp;&nbsp;&nbsp;&nbsp;&nbsp;&nbsp;&nbsp;&nbsp;&nbsp;&nbsp;&nbsp;&nbsp;&nbsp;&nbsp;&nbsp;&nbsp;&nbsp;&nbsp;&nbsp;&nbsp;&nbsp;&nbsp;&nbsp; Vok\u00e1lis tanszak:\n  mag\u00e1n\u00e9nek.Zeneismeret tanszak: szolf\u00e9zs.\n  \n  \n  \n  \n  \n  <strong>N\u00e9pzene<\/strong>\n  Von\u00f3s tanszak: n\u00e9pi heged\u0171.\n  <strong>K\u00f6nny\u0171zene<\/strong>\n  Penget\u0151s tanszak: Jazz-git\u00e1r.\n  <\/td><td>\n  <strong>T\u00e1ncm\u0171v\u00e9szeti \u00e1g<\/strong>\n  <strong>N\u00e9pt\u00e1nc<\/strong>\n  N\u00e9pi j\u00e1t\u00e9kN\u00e9pt\u00e1ncFolkl\u00f3rismeretT\u00e1nct\u00f6rt\u00e9net\n  \n  \n  \n  <\/td><td>\n  <strong>K\u00e9pz\u0151m\u0171v\u00e9szeti \u00e1g<\/strong>\n  <strong>K\u00e9pz\u0151m\u0171v\u00e9szet<\/strong>\n  K\u00f6telez\u0151 tant\u00e1rgyai: \n  Vizu\u00e1lis alapoz\u00f3\n  gyakorlatok\n  Vizu\u00e1lis alkot\u00f3\n  gyakorlat\n  Grafika \u00e9s fest\u00e9szet\n  alapjai.\n  K\u00f6telez\u0151en v\u00e1laszthat\u00f3 m\u0171helygyakorlat:\n  Szobr\u00e1szat \u00e9s ker\u00e1mia\n  m\u0171helygyakorlat\n  Grafika \u00e9s fest\u00e9szet\n  m\u0171helygyakorlat.&nbsp;&nbsp;&nbsp;&nbsp;&nbsp; \n  <strong>&nbsp;<\/strong>\n  <\/td><\/tr><\/tbody><\/table>\n\n\n\n<p style=\"font-size:26px\"><strong>Introduction<\/strong><\/p>\n\n\n\n<p>The today\u2019s face of the <strong>Bocskai Istv\u00e1n Calvinistic Educational Centre Kindergardten, Elementary School, High School, Vocational School, Specialized School, Elementary Art School and Dorm<\/strong> was formed with the unification of five institutions.<\/p>\n\n\n\n<p>Its predecessor was\nformed in 1971 by the county of Pest, in 1991 it fell under the local\ngovernment\u2019s, then in 1999 under the church\u2019s maintenance. The high school took\nup Istv\u00e1n Bocskai\u2019s name on the 400th anniversary of the first battle of the\nBocskai independence struggle, on the 15th of oktober, 2004. The Bocskai isn\u2019t\njust a facility for public education, as it also works as an adult-education\nfacility as well. Furthermore, it is an accredited language exam place, ECDL\nexam centre and CISCO Academy. This multifaceted educational activity is well\ndescribed by the \u201e<em>educational centre<\/em>\u201d\ntitle.<\/p>\n\n\n\n<p>In this many-sided school\nstructure the institutional unit of elementary education of arts has come alive.\n2008 marked the beginning of this institutional unit, when it didn\u2019t operate as\na separate unit of arts education in Hal\u00e1sztelek yet. Two years later, in 2010,\nit became the new unit of the Bocskai Istv\u00e1n Calvinistic Educational Centre. In\nthe begginnings, the teaching of recorder, piano and guitar play meant the\ndepartments of the musical arts. At the same time, the sector of graphic arts\nalso started its activities, making the school\u2019s educational structure even\nmore diverse. The next step in the school\u2019s development was to include the\nsector of dance art. The elementary art school has been working with these\nthree sectors in the school for 7 years now. The development of this art school\nis well displayed by the growing number of students. The art school started its\neducation with 80 students in the first year, while now, in 2017, near 250\npupils attend either of the three art sectors. Our musical arts sector has been\nenriched with many new departments in the last few years. At the moment our\nthree main sectors work with the following: <\/p>\n\n\n\n<table class=\"wp-block-table\"><tbody><tr><td>\n  <strong>Musical\n  arts<\/strong>\n  <strong>&nbsp;<\/strong>\n  <strong>Classical\n  Music<\/strong>\n  Woodwind instruments\n  recorder, clarinet, saxophone,\n  flute\n  Brass instruments\n  trumpet, hunting horn, tuba,\n  trombone.\n  Chordal department\n  guitar, rackett\n  Keyboardist\n  department\n  piano\n  Vocal\n  department\n  singing\n  Music\n  knowledge department\n  solfeggio\n  <strong>Folk Music<\/strong>\n  String department\n  folk violin\n  <strong>Light Music<\/strong>\n  Plucked\n  department\n  Jazz-guitar\n  <\/td><td>\n  <strong>Dance\n  arts<\/strong>\n  <strong>&nbsp;<\/strong>\n  <strong>Folk Dance<\/strong>\n  <strong>&nbsp;<\/strong>\n  Folk gamesFolk danceFolklore knowledgeDance history\n  \n  \n  \n  <\/td><td>\n  <strong>Graphic\n  Arts<\/strong>\n  <strong>&nbsp;<\/strong>\n  Mandatory subjects\n  Visual primer practicesVisual creation practicesBasics of graphics and painting\n  \n  \n  &nbsp;\n  Compulsory elective subjects\n  &nbsp;\n  Sculpture and pottery workshop\n  practiceGraphics and painting workshop\n  practice\n  \n  <\/td><\/tr><\/tbody><\/table>\n","protected":false},"excerpt":{"rendered":"<p>Bocskai Istv\u00e1n Reform\u00e1tus Oktat\u00e1si K\u00f6zpont \u00d3voda, \u00c1ltal\u00e1nos Iskola, Gimn\u00e1zium, Szakk\u00f6z\u00e9piskola, Szakiskola, Alapfok\u00fa M\u0171v\u00e9szeti Iskola \u00e9s Koll\u00e9gium mai arculata \u00f6t int\u00e9zm\u00e9ny \u00f6sszevon\u00e1s\u00e1val j\u00f6tt l\u00e9tre. Jogel\u0151dj\u00e9t m\u00e9g 1971-ben alap\u00edtotta Pest megye, s [&hellip;]<\/p>\n","protected":false},"author":1,"featured_media":0,"parent":0,"menu_order":0,"comment_status":"closed","ping_status":"closed","template":"","meta":[],"_links":{"self":[{"href":"https:\/\/birokhalasztelek.hu\/ami\/wp-json\/wp\/v2\/pages\/532"}],"collection":[{"href":"https:\/\/birokhalasztelek.hu\/ami\/wp-json\/wp\/v2\/pages"}],"about":[{"href":"https:\/\/birokhalasztelek.hu\/ami\/wp-json\/wp\/v2\/types\/page"}],"author":[{"embeddable":true,"href":"https:\/\/birokhalasztelek.hu\/ami\/wp-json\/wp\/v2\/users\/1"}],"replies":[{"embeddable":true,"href":"https:\/\/birokhalasztelek.hu\/ami\/wp-json\/wp\/v2\/comments?post=532"}],"version-history":[{"count":2,"href":"https:\/\/birokhalasztelek.hu\/ami\/wp-json\/wp\/v2\/pages\/532\/revisions"}],"predecessor-version":[{"id":535,"href":"https:\/\/birokhalasztelek.hu\/ami\/wp-json\/wp\/v2\/pages\/532\/revisions\/535"}],"wp:attachment":[{"href":"https:\/\/birokhalasztelek.hu\/ami\/wp-json\/wp\/v2\/media?parent=532"}],"curies":[{"name":"wp","href":"https:\/\/api.w.org\/{rel}","templated":true}]}}