{"id":238,"date":"2017-12-09T15:29:44","date_gmt":"2017-12-09T15:29:44","guid":{"rendered":"http:\/\/bocskai.halasztelek.hu\/ami\/?page_id=238"},"modified":"2017-12-09T15:29:44","modified_gmt":"2017-12-09T15:29:44","slug":"nyari-neptanctabor","status":"publish","type":"page","link":"https:\/\/birokhalasztelek.hu\/ami\/nyari-neptanctabor\/","title":{"rendered":"Ny\u00e1ri N\u00e9pt\u00e1nct\u00e1bor"},"content":{"rendered":"<p><img loading=\"lazy\" class=\"alignnone size-medium wp-image-239\" src=\"http:\/\/bocskai.halasztelek.hu\/ami\/wp-content\/uploads\/2017\/12\/IMG_4084-300x187.jpg\" alt=\"\" width=\"300\" height=\"187\" srcset=\"https:\/\/birokhalasztelek.hu\/ami\/wp-content\/uploads\/2017\/12\/IMG_4084-300x187.jpg 300w, https:\/\/birokhalasztelek.hu\/ami\/wp-content\/uploads\/2017\/12\/IMG_4084-768x479.jpg 768w, https:\/\/birokhalasztelek.hu\/ami\/wp-content\/uploads\/2017\/12\/IMG_4084.jpg 800w\" sizes=\"(max-width: 300px) 100vw, 300px\" \/> <img loading=\"lazy\" class=\"alignnone size-medium wp-image-240\" src=\"http:\/\/bocskai.halasztelek.hu\/ami\/wp-content\/uploads\/2017\/12\/IMG_4085-300x225.jpg\" alt=\"\" width=\"300\" height=\"225\" srcset=\"https:\/\/birokhalasztelek.hu\/ami\/wp-content\/uploads\/2017\/12\/IMG_4085-300x225.jpg 300w, https:\/\/birokhalasztelek.hu\/ami\/wp-content\/uploads\/2017\/12\/IMG_4085-768x576.jpg 768w, https:\/\/birokhalasztelek.hu\/ami\/wp-content\/uploads\/2017\/12\/IMG_4085.jpg 800w\" sizes=\"(max-width: 300px) 100vw, 300px\" \/> <img loading=\"lazy\" class=\"alignnone size-medium wp-image-241\" src=\"http:\/\/bocskai.halasztelek.hu\/ami\/wp-content\/uploads\/2017\/12\/IMG_4088-300x199.jpg\" alt=\"\" width=\"300\" height=\"199\" srcset=\"https:\/\/birokhalasztelek.hu\/ami\/wp-content\/uploads\/2017\/12\/IMG_4088-300x199.jpg 300w, https:\/\/birokhalasztelek.hu\/ami\/wp-content\/uploads\/2017\/12\/IMG_4088-768x509.jpg 768w, https:\/\/birokhalasztelek.hu\/ami\/wp-content\/uploads\/2017\/12\/IMG_4088.jpg 800w\" sizes=\"(max-width: 300px) 100vw, 300px\" \/> <img loading=\"lazy\" class=\"alignnone size-medium wp-image-242\" src=\"http:\/\/bocskai.halasztelek.hu\/ami\/wp-content\/uploads\/2017\/12\/IMG_4091-300x194.jpg\" alt=\"\" width=\"300\" height=\"194\" srcset=\"https:\/\/birokhalasztelek.hu\/ami\/wp-content\/uploads\/2017\/12\/IMG_4091-300x194.jpg 300w, https:\/\/birokhalasztelek.hu\/ami\/wp-content\/uploads\/2017\/12\/IMG_4091-768x496.jpg 768w, https:\/\/birokhalasztelek.hu\/ami\/wp-content\/uploads\/2017\/12\/IMG_4091.jpg 800w\" sizes=\"(max-width: 300px) 100vw, 300px\" \/> <img loading=\"lazy\" class=\"alignnone size-medium wp-image-243\" src=\"http:\/\/bocskai.halasztelek.hu\/ami\/wp-content\/uploads\/2017\/12\/IMG_4092-150x300.jpg\" alt=\"\" width=\"150\" height=\"300\" srcset=\"https:\/\/birokhalasztelek.hu\/ami\/wp-content\/uploads\/2017\/12\/IMG_4092-150x300.jpg 150w, https:\/\/birokhalasztelek.hu\/ami\/wp-content\/uploads\/2017\/12\/IMG_4092.jpg 400w\" sizes=\"(max-width: 150px) 100vw, 150px\" \/> <img loading=\"lazy\" class=\"alignnone size-medium wp-image-244\" src=\"http:\/\/bocskai.halasztelek.hu\/ami\/wp-content\/uploads\/2017\/12\/IMG_4096-300x225.jpg\" alt=\"\" width=\"300\" height=\"225\" srcset=\"https:\/\/birokhalasztelek.hu\/ami\/wp-content\/uploads\/2017\/12\/IMG_4096-300x225.jpg 300w, https:\/\/birokhalasztelek.hu\/ami\/wp-content\/uploads\/2017\/12\/IMG_4096-768x576.jpg 768w, https:\/\/birokhalasztelek.hu\/ami\/wp-content\/uploads\/2017\/12\/IMG_4096.jpg 800w\" sizes=\"(max-width: 300px) 100vw, 300px\" \/> <img loading=\"lazy\" class=\"alignnone size-medium wp-image-245\" src=\"http:\/\/bocskai.halasztelek.hu\/ami\/wp-content\/uploads\/2017\/12\/IMG_4097-300x225.jpg\" alt=\"\" width=\"300\" height=\"225\" srcset=\"https:\/\/birokhalasztelek.hu\/ami\/wp-content\/uploads\/2017\/12\/IMG_4097-300x225.jpg 300w, https:\/\/birokhalasztelek.hu\/ami\/wp-content\/uploads\/2017\/12\/IMG_4097-768x576.jpg 768w, https:\/\/birokhalasztelek.hu\/ami\/wp-content\/uploads\/2017\/12\/IMG_4097.jpg 800w\" sizes=\"(max-width: 300px) 100vw, 300px\" \/> <img loading=\"lazy\" class=\"alignnone size-medium wp-image-246\" src=\"http:\/\/bocskai.halasztelek.hu\/ami\/wp-content\/uploads\/2017\/12\/IMG_4098-225x300.jpg\" alt=\"\" width=\"225\" height=\"300\" srcset=\"https:\/\/birokhalasztelek.hu\/ami\/wp-content\/uploads\/2017\/12\/IMG_4098-225x300.jpg 225w, https:\/\/birokhalasztelek.hu\/ami\/wp-content\/uploads\/2017\/12\/IMG_4098.jpg 600w\" sizes=\"(max-width: 225px) 100vw, 225px\" \/> <img loading=\"lazy\" class=\"alignnone size-medium wp-image-247\" src=\"http:\/\/bocskai.halasztelek.hu\/ami\/wp-content\/uploads\/2017\/12\/IMG_4100-300x225.jpg\" alt=\"\" width=\"300\" height=\"225\" srcset=\"https:\/\/birokhalasztelek.hu\/ami\/wp-content\/uploads\/2017\/12\/IMG_4100-300x225.jpg 300w, https:\/\/birokhalasztelek.hu\/ami\/wp-content\/uploads\/2017\/12\/IMG_4100-768x576.jpg 768w, https:\/\/birokhalasztelek.hu\/ami\/wp-content\/uploads\/2017\/12\/IMG_4100.jpg 800w\" sizes=\"(max-width: 300px) 100vw, 300px\" \/> <img loading=\"lazy\" class=\"alignnone size-medium wp-image-248\" src=\"http:\/\/bocskai.halasztelek.hu\/ami\/wp-content\/uploads\/2017\/12\/IMG_4103-300x249.jpg\" alt=\"\" width=\"300\" height=\"249\" srcset=\"https:\/\/birokhalasztelek.hu\/ami\/wp-content\/uploads\/2017\/12\/IMG_4103-300x249.jpg 300w, https:\/\/birokhalasztelek.hu\/ami\/wp-content\/uploads\/2017\/12\/IMG_4103.jpg 724w\" sizes=\"(max-width: 300px) 100vw, 300px\" \/> <img loading=\"lazy\" class=\"alignnone size-medium wp-image-249\" src=\"http:\/\/bocskai.halasztelek.hu\/ami\/wp-content\/uploads\/2017\/12\/IMG_4104-300x225.jpg\" alt=\"\" width=\"300\" height=\"225\" srcset=\"https:\/\/birokhalasztelek.hu\/ami\/wp-content\/uploads\/2017\/12\/IMG_4104-300x225.jpg 300w, https:\/\/birokhalasztelek.hu\/ami\/wp-content\/uploads\/2017\/12\/IMG_4104-768x576.jpg 768w, https:\/\/birokhalasztelek.hu\/ami\/wp-content\/uploads\/2017\/12\/IMG_4104.jpg 800w\" sizes=\"(max-width: 300px) 100vw, 300px\" \/> <img loading=\"lazy\" class=\"alignnone size-medium wp-image-250\" src=\"http:\/\/bocskai.halasztelek.hu\/ami\/wp-content\/uploads\/2017\/12\/IMG_4106-300x225.jpg\" alt=\"\" width=\"300\" height=\"225\" srcset=\"https:\/\/birokhalasztelek.hu\/ami\/wp-content\/uploads\/2017\/12\/IMG_4106-300x225.jpg 300w, https:\/\/birokhalasztelek.hu\/ami\/wp-content\/uploads\/2017\/12\/IMG_4106-768x576.jpg 768w, https:\/\/birokhalasztelek.hu\/ami\/wp-content\/uploads\/2017\/12\/IMG_4106.jpg 800w\" sizes=\"(max-width: 300px) 100vw, 300px\" \/> <img loading=\"lazy\" class=\"alignnone size-medium wp-image-251\" src=\"http:\/\/bocskai.halasztelek.hu\/ami\/wp-content\/uploads\/2017\/12\/IMG_4107-300x248.jpg\" alt=\"\" width=\"300\" height=\"248\" srcset=\"https:\/\/birokhalasztelek.hu\/ami\/wp-content\/uploads\/2017\/12\/IMG_4107-300x248.jpg 300w, https:\/\/birokhalasztelek.hu\/ami\/wp-content\/uploads\/2017\/12\/IMG_4107.jpg 727w\" sizes=\"(max-width: 300px) 100vw, 300px\" \/> <img loading=\"lazy\" class=\"alignnone size-medium wp-image-252\" src=\"http:\/\/bocskai.halasztelek.hu\/ami\/wp-content\/uploads\/2017\/12\/IMG_4108-300x225.jpg\" alt=\"\" width=\"300\" height=\"225\" srcset=\"https:\/\/birokhalasztelek.hu\/ami\/wp-content\/uploads\/2017\/12\/IMG_4108-300x225.jpg 300w, https:\/\/birokhalasztelek.hu\/ami\/wp-content\/uploads\/2017\/12\/IMG_4108-768x576.jpg 768w, https:\/\/birokhalasztelek.hu\/ami\/wp-content\/uploads\/2017\/12\/IMG_4108.jpg 800w\" sizes=\"(max-width: 300px) 100vw, 300px\" \/> <img loading=\"lazy\" class=\"alignnone size-medium wp-image-253\" src=\"http:\/\/bocskai.halasztelek.hu\/ami\/wp-content\/uploads\/2017\/12\/IMG_4109-300x225.jpg\" alt=\"\" width=\"300\" height=\"225\" srcset=\"https:\/\/birokhalasztelek.hu\/ami\/wp-content\/uploads\/2017\/12\/IMG_4109-300x225.jpg 300w, https:\/\/birokhalasztelek.hu\/ami\/wp-content\/uploads\/2017\/12\/IMG_4109-768x576.jpg 768w, https:\/\/birokhalasztelek.hu\/ami\/wp-content\/uploads\/2017\/12\/IMG_4109.jpg 800w\" sizes=\"(max-width: 300px) 100vw, 300px\" \/> <img loading=\"lazy\" class=\"alignnone size-medium wp-image-254\" src=\"http:\/\/bocskai.halasztelek.hu\/ami\/wp-content\/uploads\/2017\/12\/IMG_4112-300x225.jpg\" alt=\"\" width=\"300\" height=\"225\" srcset=\"https:\/\/birokhalasztelek.hu\/ami\/wp-content\/uploads\/2017\/12\/IMG_4112-300x225.jpg 300w, https:\/\/birokhalasztelek.hu\/ami\/wp-content\/uploads\/2017\/12\/IMG_4112-768x576.jpg 768w, https:\/\/birokhalasztelek.hu\/ami\/wp-content\/uploads\/2017\/12\/IMG_4112.jpg 800w\" sizes=\"(max-width: 300px) 100vw, 300px\" \/> <img loading=\"lazy\" class=\"alignnone size-medium wp-image-255\" src=\"http:\/\/bocskai.halasztelek.hu\/ami\/wp-content\/uploads\/2017\/12\/IMG_4114-300x225.jpg\" alt=\"\" width=\"300\" height=\"225\" srcset=\"https:\/\/birokhalasztelek.hu\/ami\/wp-content\/uploads\/2017\/12\/IMG_4114-300x225.jpg 300w, https:\/\/birokhalasztelek.hu\/ami\/wp-content\/uploads\/2017\/12\/IMG_4114-768x576.jpg 768w, https:\/\/birokhalasztelek.hu\/ami\/wp-content\/uploads\/2017\/12\/IMG_4114.jpg 800w\" sizes=\"(max-width: 300px) 100vw, 300px\" \/> <img loading=\"lazy\" class=\"alignnone size-medium wp-image-256\" src=\"http:\/\/bocskai.halasztelek.hu\/ami\/wp-content\/uploads\/2017\/12\/IMG_4115-300x225.jpg\" alt=\"\" width=\"300\" height=\"225\" srcset=\"https:\/\/birokhalasztelek.hu\/ami\/wp-content\/uploads\/2017\/12\/IMG_4115-300x225.jpg 300w, https:\/\/birokhalasztelek.hu\/ami\/wp-content\/uploads\/2017\/12\/IMG_4115-768x576.jpg 768w, https:\/\/birokhalasztelek.hu\/ami\/wp-content\/uploads\/2017\/12\/IMG_4115.jpg 800w\" sizes=\"(max-width: 300px) 100vw, 300px\" \/> <img loading=\"lazy\" class=\"alignnone size-medium wp-image-257\" src=\"http:\/\/bocskai.halasztelek.hu\/ami\/wp-content\/uploads\/2017\/12\/IMG_4116-225x300.jpg\" alt=\"\" width=\"225\" height=\"300\" srcset=\"https:\/\/birokhalasztelek.hu\/ami\/wp-content\/uploads\/2017\/12\/IMG_4116-225x300.jpg 225w, https:\/\/birokhalasztelek.hu\/ami\/wp-content\/uploads\/2017\/12\/IMG_4116.jpg 600w\" sizes=\"(max-width: 225px) 100vw, 225px\" \/> <img loading=\"lazy\" class=\"alignnone size-medium wp-image-258\" src=\"http:\/\/bocskai.halasztelek.hu\/ami\/wp-content\/uploads\/2017\/12\/IMG_4117-225x300.jpg\" alt=\"\" width=\"225\" height=\"300\" srcset=\"https:\/\/birokhalasztelek.hu\/ami\/wp-content\/uploads\/2017\/12\/IMG_4117-225x300.jpg 225w, https:\/\/birokhalasztelek.hu\/ami\/wp-content\/uploads\/2017\/12\/IMG_4117.jpg 600w\" sizes=\"(max-width: 225px) 100vw, 225px\" \/> <img loading=\"lazy\" class=\"alignnone size-medium wp-image-259\" src=\"http:\/\/bocskai.halasztelek.hu\/ami\/wp-content\/uploads\/2017\/12\/IMG_4118-225x300.jpg\" alt=\"\" width=\"225\" height=\"300\" srcset=\"https:\/\/birokhalasztelek.hu\/ami\/wp-content\/uploads\/2017\/12\/IMG_4118-225x300.jpg 225w, https:\/\/birokhalasztelek.hu\/ami\/wp-content\/uploads\/2017\/12\/IMG_4118.jpg 600w\" sizes=\"(max-width: 225px) 100vw, 225px\" \/> <img loading=\"lazy\" class=\"alignnone size-medium wp-image-260\" src=\"http:\/\/bocskai.halasztelek.hu\/ami\/wp-content\/uploads\/2017\/12\/IMG_4119-161x300.jpg\" alt=\"\" width=\"161\" height=\"300\" srcset=\"https:\/\/birokhalasztelek.hu\/ami\/wp-content\/uploads\/2017\/12\/IMG_4119-161x300.jpg 161w, https:\/\/birokhalasztelek.hu\/ami\/wp-content\/uploads\/2017\/12\/IMG_4119.jpg 429w\" sizes=\"(max-width: 161px) 100vw, 161px\" \/> <img loading=\"lazy\" class=\"alignnone size-medium wp-image-261\" src=\"http:\/\/bocskai.halasztelek.hu\/ami\/wp-content\/uploads\/2017\/12\/IMG_4120-300x225.jpg\" alt=\"\" width=\"300\" height=\"225\" srcset=\"https:\/\/birokhalasztelek.hu\/ami\/wp-content\/uploads\/2017\/12\/IMG_4120-300x225.jpg 300w, https:\/\/birokhalasztelek.hu\/ami\/wp-content\/uploads\/2017\/12\/IMG_4120-768x576.jpg 768w, https:\/\/birokhalasztelek.hu\/ami\/wp-content\/uploads\/2017\/12\/IMG_4120.jpg 800w\" sizes=\"(max-width: 300px) 100vw, 300px\" \/> <img loading=\"lazy\" class=\"alignnone size-medium wp-image-262\" src=\"http:\/\/bocskai.halasztelek.hu\/ami\/wp-content\/uploads\/2017\/12\/IMG_4121-300x225.jpg\" alt=\"\" width=\"300\" height=\"225\" srcset=\"https:\/\/birokhalasztelek.hu\/ami\/wp-content\/uploads\/2017\/12\/IMG_4121-300x225.jpg 300w, https:\/\/birokhalasztelek.hu\/ami\/wp-content\/uploads\/2017\/12\/IMG_4121-768x576.jpg 768w, https:\/\/birokhalasztelek.hu\/ami\/wp-content\/uploads\/2017\/12\/IMG_4121.jpg 800w\" sizes=\"(max-width: 300px) 100vw, 300px\" \/> <img loading=\"lazy\" class=\"alignnone size-medium wp-image-263\" src=\"http:\/\/bocskai.halasztelek.hu\/ami\/wp-content\/uploads\/2017\/12\/IMG_4123-225x300.jpg\" alt=\"\" width=\"225\" height=\"300\" srcset=\"https:\/\/birokhalasztelek.hu\/ami\/wp-content\/uploads\/2017\/12\/IMG_4123-225x300.jpg 225w, https:\/\/birokhalasztelek.hu\/ami\/wp-content\/uploads\/2017\/12\/IMG_4123.jpg 600w\" sizes=\"(max-width: 225px) 100vw, 225px\" \/> <img loading=\"lazy\" class=\"alignnone size-medium wp-image-264\" src=\"http:\/\/bocskai.halasztelek.hu\/ami\/wp-content\/uploads\/2017\/12\/IMG_4124-300x280.jpg\" alt=\"\" width=\"300\" height=\"280\" srcset=\"https:\/\/birokhalasztelek.hu\/ami\/wp-content\/uploads\/2017\/12\/IMG_4124-300x280.jpg 300w, https:\/\/birokhalasztelek.hu\/ami\/wp-content\/uploads\/2017\/12\/IMG_4124.jpg 644w\" sizes=\"(max-width: 300px) 100vw, 300px\" \/> <img loading=\"lazy\" class=\"alignnone size-medium wp-image-265\" src=\"http:\/\/bocskai.halasztelek.hu\/ami\/wp-content\/uploads\/2017\/12\/IMG_4126-300x225.jpg\" alt=\"\" width=\"300\" height=\"225\" srcset=\"https:\/\/birokhalasztelek.hu\/ami\/wp-content\/uploads\/2017\/12\/IMG_4126-300x225.jpg 300w, https:\/\/birokhalasztelek.hu\/ami\/wp-content\/uploads\/2017\/12\/IMG_4126-768x576.jpg 768w, https:\/\/birokhalasztelek.hu\/ami\/wp-content\/uploads\/2017\/12\/IMG_4126.jpg 800w\" sizes=\"(max-width: 300px) 100vw, 300px\" \/> <img loading=\"lazy\" class=\"alignnone size-medium wp-image-266\" src=\"http:\/\/bocskai.halasztelek.hu\/ami\/wp-content\/uploads\/2017\/12\/IMG_4127-300x225.jpg\" alt=\"\" width=\"300\" height=\"225\" srcset=\"https:\/\/birokhalasztelek.hu\/ami\/wp-content\/uploads\/2017\/12\/IMG_4127-300x225.jpg 300w, https:\/\/birokhalasztelek.hu\/ami\/wp-content\/uploads\/2017\/12\/IMG_4127-768x576.jpg 768w, https:\/\/birokhalasztelek.hu\/ami\/wp-content\/uploads\/2017\/12\/IMG_4127.jpg 800w\" sizes=\"(max-width: 300px) 100vw, 300px\" \/> <img loading=\"lazy\" class=\"alignnone size-medium wp-image-267\" src=\"http:\/\/bocskai.halasztelek.hu\/ami\/wp-content\/uploads\/2017\/12\/IMG_4129-300x225.jpg\" alt=\"\" width=\"300\" height=\"225\" srcset=\"https:\/\/birokhalasztelek.hu\/ami\/wp-content\/uploads\/2017\/12\/IMG_4129-300x225.jpg 300w, https:\/\/birokhalasztelek.hu\/ami\/wp-content\/uploads\/2017\/12\/IMG_4129-768x576.jpg 768w, https:\/\/birokhalasztelek.hu\/ami\/wp-content\/uploads\/2017\/12\/IMG_4129.jpg 800w\" sizes=\"(max-width: 300px) 100vw, 300px\" \/><\/p>\n","protected":false},"excerpt":{"rendered":"","protected":false},"author":1,"featured_media":0,"parent":0,"menu_order":0,"comment_status":"closed","ping_status":"closed","template":"","meta":[],"_links":{"self":[{"href":"https:\/\/birokhalasztelek.hu\/ami\/wp-json\/wp\/v2\/pages\/238"}],"collection":[{"href":"https:\/\/birokhalasztelek.hu\/ami\/wp-json\/wp\/v2\/pages"}],"about":[{"href":"https:\/\/birokhalasztelek.hu\/ami\/wp-json\/wp\/v2\/types\/page"}],"author":[{"embeddable":true,"href":"https:\/\/birokhalasztelek.hu\/ami\/wp-json\/wp\/v2\/users\/1"}],"replies":[{"embeddable":true,"href":"https:\/\/birokhalasztelek.hu\/ami\/wp-json\/wp\/v2\/comments?post=238"}],"version-history":[{"count":1,"href":"https:\/\/birokhalasztelek.hu\/ami\/wp-json\/wp\/v2\/pages\/238\/revisions"}],"predecessor-version":[{"id":268,"href":"https:\/\/birokhalasztelek.hu\/ami\/wp-json\/wp\/v2\/pages\/238\/revisions\/268"}],"wp:attachment":[{"href":"https:\/\/birokhalasztelek.hu\/ami\/wp-json\/wp\/v2\/media?parent=238"}],"curies":[{"name":"wp","href":"https:\/\/api.w.org\/{rel}","templated":true}]}}